{"id":11246,"date":"2023-11-21T15:36:53","date_gmt":"2023-11-21T15:36:53","guid":{"rendered":"https:\/\/cdu-kempen.de\/?page_id=11246"},"modified":"2025-04-11T14:41:04","modified_gmt":"2025-04-11T14:41:04","slug":"ihre-ansprechpartner-kempen-mitte-2","status":"publish","type":"page","link":"https:\/\/cdu-kempen.de\/index.php\/fraktion\/ansprechpartner-vor-ort\/ihre-ansprechpartner-kempen-mitte-2\/","title":{"rendered":"Ihre Ansprechpartner \u2013 Kempen Mitte"},"content":{"rendered":"[et_pb_section admin_label=&#8220;section&#8220;]\n\t\t\t[et_pb_row admin_label=&#8220;row&#8220;]\n\t\t\t\t[et_pb_column type=&#8220;4_4&#8243;][et_pb_text admin_label=&#8220;Text&#8220;]\n<figure class=\"wp-block-table\"><table><tbody><tr><td><strong>Name<\/strong><\/td><td><strong>Adresse<\/strong><\/td><td><strong>Telefon<\/strong><\/td><\/tr><tr><td><a href=\"#\" data-email-protect-click=\"ncpigBefw\/mgorgp0fg\"><img loading=\"lazy\" decoding=\"async\" width=\"28\" height=\"15\" align=\"right\" border=\"0\" class=\"alignnone\" src=\"http:\/\/www.cdu-kempen.de\/bilder\/brief.gif\" alt=\"\"><\/a><a href=\"lange@cdu-kempen.de\">Frank Lange<\/a><\/td><td>Oedter Stra\u00dfe 77\n<p>&nbsp;<\/p>\n<p>47906 Kempen<\/p>\n<\/td><td>02152 \u2013 517350<\/td><\/tr><tr><td><a href=\"#\" data-email-protect-click=\"itgoogn\/igwejgpBefw\/mgorgp0fgAuwdlgev?EFW'42Mgorgp\"><img loading=\"lazy\" decoding=\"async\" class=\"alignnone\" src=\"http:\/\/www.cdu-kempen.de\/bilder\/brief.gif\" alt=\"\" width=\"28\" height=\"15\" align=\"right\" border=\"0\"><\/a><a href=\"https:\/\/cdu-kempen.de\/index.php\/fraktion\/stadtratsfraktion\/ute-gremmel-geuchen\/\">Ute Gremmel-Geuchen<\/a><\/td><td>Ludwig-Jahr-Str. 12<br>47906 Kempen<\/td><td>02152 \u2013 517541<\/td><\/tr><tr><td><a href=\"#\" data-email-protect-click=\"ncoq|kmBefw\/mgorgp0fg\"><img loading=\"lazy\" decoding=\"async\" class=\"alignnone\" src=\"http:\/\/www.cdu-kempen.de\/bilder\/brief.gif\" alt=\"\" width=\"28\" height=\"15\" align=\"right\" border=\"0\"><\/a><a href=\"lamozik@cdu-kempen.de\">Josef Lamozik<\/a><\/td><td>Klosterstr. 20<br>47906 Kempen<\/td><td>02152 \u2013 4443<\/td><\/tr><tr><td>Dr. J\u00f6rg Gru\u00df<\/td><td>&nbsp;<\/td><td>&nbsp;<\/td><\/tr><tr><td>Marc Heckmann<\/td><td>&nbsp;<\/td><td>&nbsp;<\/td><\/tr><tr><td>Thomas K\u00f6rvers<\/td><td>&nbsp;<\/td><td>&nbsp;<\/td><\/tr><tr><td>Susanne Kranzusch<\/td><td><\/td><td><\/td><\/tr><tr><td>Stephan Wolters<\/td><td><\/td><td><\/td><\/tr><\/tbody><\/table><\/figure>\n[\/et_pb_text][\/et_pb_column]\n\t\t\t[\/et_pb_row]\n\t\t[\/et_pb_section]","protected":false},"excerpt":{"rendered":"<p>NameAdresseTelefonFrank LangeOedter Stra\u00dfe 77 &nbsp; 47906 Kempen 02152 \u2013 517350Ute Gremmel-GeuchenLudwig-Jahr-Str. 1247906 Kempen02152 \u2013 517541Josef LamozikKlosterstr. 2047906 Kempen02152 \u2013 4443Dr. J\u00f6rg Gru\u00df&nbsp;&nbsp;Marc Heckmann&nbsp;&nbsp;Thomas K\u00f6rvers&nbsp;&nbsp;Susanne KranzuschStephan Wolters<\/p>\n","protected":false},"author":5,"featured_media":0,"parent":6492,"menu_order":1,"comment_status":"closed","ping_status":"closed","template":"","meta":{"_et_pb_use_builder":"on","_et_pb_old_content":"<!-- wp:table -->\n<figure class=\"wp-block-table\"><table><tbody><tr><td><strong>Name<\/strong><\/td><td><strong>Adresse<\/strong><\/td><td><strong>Telefon<\/strong><\/td><\/tr><tr><td><a href=\"mailto:lange@cdu-kempen.de\"><img width=\"28\" height=\"15\" align=\"right\" border=\"0\" class=\"alignnone\" src=\"http:\/\/www.cdu-kempen.de\/bilder\/brief.gif\" alt=\"\"><\/a><a href=\"lange@cdu-kempen.de\">Frank Lange<\/a><\/td><td>Oedter Stra\u00dfe 77\n<p>&nbsp;<\/p>\n<p>47906 Kempen<\/p>\n<\/td><td>02152 \u2013 517350<\/td><\/tr><tr><td><a href=\"mailto:gremmel-geuchen@cdu-kempen.de?subject=CDU%20Kempen\"><img class=\"alignnone\" src=\"http:\/\/www.cdu-kempen.de\/bilder\/brief.gif\" alt=\"\" width=\"28\" height=\"15\" align=\"right\" border=\"0\"><\/a><a href=\"https:\/\/cdu-kempen.de\/index.php\/fraktion\/stadtratsfraktion\/ute-gremmel-geuchen\/\">Ute Gremmel-Geuchen<\/a><\/td><td>Ludwig-Jahr-Str. 12<br>47906 Kempen<\/td><td>02152 \u2013 517541<\/td><\/tr><tr><td><a href=\"mailto:lamozik@cdu-kempen.de\"><img class=\"alignnone\" src=\"http:\/\/www.cdu-kempen.de\/bilder\/brief.gif\" alt=\"\" width=\"28\" height=\"15\" align=\"right\" border=\"0\"><\/a><a href=\"lamozik@cdu-kempen.de\">Josef Lamozik<\/a><\/td><td>Klosterstr. 20<br>47906 Kempen<\/td><td>02152 \u2013 4443<\/td><\/tr><tr><td>Dr. J\u00f6rg Gru\u00df<\/td><td>&nbsp;<\/td><td>&nbsp;<\/td><\/tr><tr><td>Marc Heckmann<\/td><td>&nbsp;<\/td><td>&nbsp;<\/td><\/tr><tr><td>Thomas K\u00f6rvers<\/td><td>&nbsp;<\/td><td>&nbsp;<\/td><\/tr><tr><td>Susanne Kranzusch<\/td><td><\/td><td><\/td><\/tr><tr><td>Stephan Wolters<\/td><td><\/td><td><\/td><\/tr><\/tbody><\/table><\/figure>\n<!-- \/wp:table -->","_et_gb_content_width":"","footnotes":""},"class_list":["post-11246","page","type-page","status-publish","hentry"],"_links":{"self":[{"href":"https:\/\/cdu-kempen.de\/index.php\/wp-json\/wp\/v2\/pages\/11246"}],"collection":[{"href":"https:\/\/cdu-kempen.de\/index.php\/wp-json\/wp\/v2\/pages"}],"about":[{"href":"https:\/\/cdu-kempen.de\/index.php\/wp-json\/wp\/v2\/types\/page"}],"author":[{"embeddable":true,"href":"https:\/\/cdu-kempen.de\/index.php\/wp-json\/wp\/v2\/users\/5"}],"replies":[{"embeddable":true,"href":"https:\/\/cdu-kempen.de\/index.php\/wp-json\/wp\/v2\/comments?post=11246"}],"version-history":[{"count":4,"href":"https:\/\/cdu-kempen.de\/index.php\/wp-json\/wp\/v2\/pages\/11246\/revisions"}],"predecessor-version":[{"id":12008,"href":"https:\/\/cdu-kempen.de\/index.php\/wp-json\/wp\/v2\/pages\/11246\/revisions\/12008"}],"up":[{"embeddable":true,"href":"https:\/\/cdu-kempen.de\/index.php\/wp-json\/wp\/v2\/pages\/6492"}],"wp:attachment":[{"href":"https:\/\/cdu-kempen.de\/index.php\/wp-json\/wp\/v2\/media?parent=11246"}],"curies":[{"name":"wp","href":"https:\/\/api.w.org\/{rel}","templated":true}]}}

[et_pb_section admin_label=&#8220;section&#8220;]
			[et_pb_row admin_label=&#8220;row&#8220;]
				[et_pb_column type=&#8220;4_4&#8243;][et_pb_text admin_label=&#8220;Text&#8220;]
<figure class="wp-block-table"><table><tbody><tr><td><strong>Name</strong></td><td><strong>Adresse</strong></td><td><strong>Telefon</strong></td></tr><tr><td><a href="#" data-email-protect-click="ncpigBefw/mgorgp0fg"><img loading="lazy" decoding="async" width="28" height="15" align="right" border="0" class="alignnone" src="http://www.cdu-kempen.de/bilder/brief.gif" alt=""></a><a href="lange@cdu-kempen.de">Frank Lange</a></td><td>Oedter Straße 77
<p>&nbsp;</p>
<p>47906 Kempen</p>
</td><td>02152 – 517350</td></tr><tr><td><a href="#" data-email-protect-click="itgoogn/igwejgpBefw/mgorgp0fgAuwdlgev?EFW'42Mgorgp"><img loading="lazy" decoding="async" class="alignnone" src="http://www.cdu-kempen.de/bilder/brief.gif" alt="" width="28" height="15" align="right" border="0"></a><a href="https://cdu-kempen.de/index.php/fraktion/stadtratsfraktion/ute-gremmel-geuchen/">Ute Gremmel-Geuchen</a></td><td>Ludwig-Jahr-Str. 12<br>47906 Kempen</td><td>02152 – 517541</td></tr><tr><td><a href="#" data-email-protect-click="ncoq|kmBefw/mgorgp0fg"><img loading="lazy" decoding="async" class="alignnone" src="http://www.cdu-kempen.de/bilder/brief.gif" alt="" width="28" height="15" align="right" border="0"></a><a href="lamozik@cdu-kempen.de">Josef Lamozik</a></td><td>Klosterstr. 20<br>47906 Kempen</td><td>02152 – 4443</td></tr><tr><td>Dr. Jörg Gruß</td><td>&nbsp;</td><td>&nbsp;</td></tr><tr><td>Marc Heckmann</td><td>&nbsp;</td><td>&nbsp;</td></tr><tr><td>Thomas Körvers</td><td>&nbsp;</td><td>&nbsp;</td></tr><tr><td>Susanne Kranzusch</td><td></td><td></td></tr><tr><td>Stephan Wolters</td><td></td><td></td></tr></tbody></table></figure>
[/et_pb_text][/et_pb_column]
			[/et_pb_row]
		[/et_pb_section]

<p>NameAdresseTelefonFrank LangeOedter Straße 77 &nbsp; 47906 Kempen 02152 – 517350Ute Gremmel-GeuchenLudwig-Jahr-Str. 1247906 Kempen02152 – 517541Josef LamozikKlosterstr. 2047906 Kempen02152 – 4443Dr. Jörg Gruß&nbsp;&nbsp;Marc Heckmann&nbsp;&nbsp;Thomas Körvers&nbsp;&nbsp;Susanne KranzuschStephan Wolters</p>

<!-- wp:table -->
<figure class="wp-block-table"><table><tbody><tr><td><strong>Name</strong></td><td><strong>Adresse</strong></td><td><strong>Telefon</strong></td></tr><tr><td><a href="mailto:lange@cdu-kempen.de"><img width="28" height="15" align="right" border="0" class="alignnone" src="http://www.cdu-kempen.de/bilder/brief.gif" alt=""></a><a href="lange@cdu-kempen.de">Frank Lange</a></td><td>Oedter Straße 77
<p>&nbsp;</p>
<p>47906 Kempen</p>
</td><td>02152 – 517350</td></tr><tr><td><a href="mailto:gremmel-geuchen@cdu-kempen.de?subject=CDU%20Kempen"><img class="alignnone" src="http://www.cdu-kempen.de/bilder/brief.gif" alt="" width="28" height="15" align="right" border="0"></a><a href="https://cdu-kempen.de/index.php/fraktion/stadtratsfraktion/ute-gremmel-geuchen/">Ute Gremmel-Geuchen</a></td><td>Ludwig-Jahr-Str. 12<br>47906 Kempen</td><td>02152 – 517541</td></tr><tr><td><a href="mailto:lamozik@cdu-kempen.de"><img class="alignnone" src="http://www.cdu-kempen.de/bilder/brief.gif" alt="" width="28" height="15" align="right" border="0"></a><a href="lamozik@cdu-kempen.de">Josef Lamozik</a></td><td>Klosterstr. 20<br>47906 Kempen</td><td>02152 – 4443</td></tr><tr><td>Dr. Jörg Gruß</td><td>&nbsp;</td><td>&nbsp;</td></tr><tr><td>Marc Heckmann</td><td>&nbsp;</td><td>&nbsp;</td></tr><tr><td>Thomas Körvers</td><td>&nbsp;</td><td>&nbsp;</td></tr><tr><td>Susanne Kranzusch</td><td></td><td></td></tr><tr><td>Stephan Wolters</td><td></td><td></td></tr></tbody></table></figure>
<!-- /wp:table -->
