{"id":6466,"date":"2017-11-09T10:44:57","date_gmt":"2017-11-09T10:44:57","guid":{"rendered":"http:\/\/cdu-kempen.de\/?page_id=6466"},"modified":"2026-03-16T15:27:17","modified_gmt":"2026-03-16T15:27:17","slug":"ortsausschuss-hagelkreuz","status":"publish","type":"page","link":"https:\/\/cdu-kempen.de\/index.php\/vorstand\/ortsausschuss-hagelkreuz\/","title":{"rendered":"Ortsausschuss Hagelkreuz"},"content":{"rendered":"<p>[et_pb_section fb_built=&#8220;1&#8243; admin_label=&#8220;section&#8220; _builder_version=&#8220;4.16&#8243; global_colors_info=&#8220;{}&#8220;][et_pb_row admin_label=&#8220;row&#8220; _builder_version=&#8220;4.16&#8243; background_size=&#8220;initial&#8220; background_position=&#8220;top_left&#8220; background_repeat=&#8220;repeat&#8220; custom_padding=&#8220;12px|||||&#8220; global_colors_info=&#8220;{}&#8220;][et_pb_column type=&#8220;4_4&#8243; _builder_version=&#8220;4.16&#8243; custom_padding=&#8220;|||&#8220; global_colors_info=&#8220;{}&#8220; custom_padding__hover=&#8220;|||&#8220;][et_pb_text admin_label=&#8220;Text&#8220; _builder_version=&#8220;4.16&#8243; background_size=&#8220;initial&#8220; background_position=&#8220;top_left&#8220; background_repeat=&#8220;repeat&#8220; global_colors_info=&#8220;{}&#8220;]<\/p>\n<p>&nbsp;<\/p>\n<table border=\"0\" width=\"500\" cellspacing=\"0\" cellpadding=\"5\" align=\"center\">\n<tbody>\n<tr valign=\"top\" bgcolor=\"\">\n<td colspan=\"3\" align=\"center\">Vorsitzender<\/td>\n<\/tr>\n<tr valign=\"top\">\n<td><a href=\"#\" data-email-protect-click=\"11mcoocppBefw\/mgorgp0fg\"><strong>Kammann, Axel<\/strong><\/a><\/td>\n<td align=\"left\">\n<p>Thomas-Mann-Stra\u00dfe 10<br \/>47906 Kempen<\/p>\n<\/td>\n<td align=\"left\">Tel.:\u00a0<br \/>0152 320 18 256<\/td>\n<\/tr>\n<tr valign=\"top\" bgcolor=\"\">\n<td colspan=\"3\" align=\"center\">Stellvertreter<\/td>\n<\/tr>\n<tr valign=\"top\">\n<td><strong>Meyer, Michael<\/strong><\/td>\n<td align=\"left\">Robert-Koch-Stra\u00dfe 32<br \/>47906 Kempen<\/td>\n<td>Tel.:\u00a0<br \/>02152 518 155<\/td>\n<\/tr>\n<tr valign=\"top\" bgcolor=\"\">\n<td colspan=\"3\" align=\"center\">Schriftf\u00fchrer<\/td>\n<\/tr>\n<tr valign=\"top\">\n<td><strong>Meyer, Michael<\/strong><\/td>\n<td align=\"left\">Robert-Koch-Stra\u00dfe 32<br \/>47906 Kempen<\/td>\n<td>Tel.:\u00a0<br \/>02152 518 155<\/td>\n<\/tr>\n<tr valign=\"top\" bgcolor=\"\">\n<td colspan=\"3\" align=\"center\">Beisitzer<\/td>\n<\/tr>\n<tr valign=\"top\">\n<td>\n<p><strong>Buchholz, Ulrich\u00a0<\/strong><\/p>\n<p><strong><\/strong><\/p>\n<p><strong>Latzel, Holger\u00a0<\/strong><\/p>\n<\/td>\n<td>\n<p>Robert-Koch-Stra\u00dfe 52<br \/>47906 Kempen<\/p>\n<p>Robert-Koch-Stra\u00dfe 22<br \/>47906 Kempen<\/p>\n<\/td>\n<td>Tel.: <br \/>0162 218 3076<\/td>\n<\/tr>\n<tr valign=\"top\">\n<td><strong>Schoofs, G\u00fcnther<\/strong><\/td>\n<td align=\"left\">Einsteinstra\u00dfe 2<br \/>47906 Kempen<\/td>\n<td>Tel.: <br \/>0171 752 4745<\/td>\n<\/tr>\n<tr valign=\"top\">\n<td><\/td>\n<td><\/td>\n<td><\/td>\n<\/tr>\n<\/tbody>\n<\/table>\n<p>&nbsp;<\/p>\n<p>[\/et_pb_text][\/et_pb_column][\/et_pb_row][\/et_pb_section]<\/p>\n","protected":false},"excerpt":{"rendered":"<p>&nbsp; Vorsitzender Kammann, Axel Thomas-Mann-Stra\u00dfe 1047906 Kempen Tel.:\u00a00152 320 18 256 Stellvertreter Meyer, Michael Robert-Koch-Stra\u00dfe 3247906 Kempen Tel.:\u00a002152 518 155 Schriftf\u00fchrer Meyer, Michael Robert-Koch-Stra\u00dfe 3247906 Kempen Tel.:\u00a002152 518 155 Beisitzer Buchholz, Ulrich\u00a0 Latzel, Holger\u00a0 Robert-Koch-Stra\u00dfe 5247906 Kempen Robert-Koch-Stra\u00dfe 2247906 Kempen Tel.: 0162 218 3076 Schoofs, G\u00fcnther Einsteinstra\u00dfe 247906 Kempen Tel.: 0171 752 4745 &nbsp;<\/p>\n","protected":false},"author":2,"featured_media":0,"parent":6482,"menu_order":0,"comment_status":"closed","ping_status":"closed","template":"","meta":{"_et_pb_use_builder":"on","_et_pb_old_content":"<table border=\"0\" width=\"500\" cellspacing=\"0\" cellpadding=\"5\" align=\"center\">\n<tbody>\n<tr valign=\"top\" bgcolor=\"\">\n<td colspan=\"3\" align=\"center\">Vorsitzender<\/td>\n<\/tr>\n<tr valign=\"top\">\n<td><strong>Latzel, Horst<\/strong><\/td>\n<td align=\"left\">Robert-Koch-Stra\u00dfe 34\n47906 Kempen<\/td>\n<td align=\"left\">Tel. 02152 \/ 1873<\/td>\n<\/tr>\n<tr valign=\"top\" bgcolor=\"\">\n<td colspan=\"3\" align=\"center\">Stellvertreter<\/td>\n<\/tr>\n<tr valign=\"top\">\n<td><strong>Steves, Dr. Volker\n<\/strong><\/td>\n<td align=\"left\">Einsteinstr. 13a\n47906 Kempen<\/td>\n<td>Tel. 02152 \/ 50553<\/td>\n<\/tr>\n<tr valign=\"top\" bgcolor=\"\">\n<td colspan=\"3\" align=\"center\">Schriftf\u00fchrer<\/td>\n<\/tr>\n<tr valign=\"top\">\n<td>n.n.<\/td>\n<td align=\"left\"><\/td>\n<td><\/td>\n<\/tr>\n<tr valign=\"top\" bgcolor=\"\">\n<td colspan=\"3\" align=\"center\">Beisitzer<\/td>\n<\/tr>\n<tr valign=\"top\">\n<td><strong>Radtke, Horst\u00a0<\/strong><\/td>\n<td>Dunantstra\u00dfe 123c\n47906 Kempen<\/td>\n<td>Tel. 02152 \/ 8926694<\/td>\n<\/tr>\n<tr valign=\"top\">\n<td><strong>Stenhorst, Willi<\/strong><\/td>\n<td align=\"left\">Paul-Ehrlich-Str. 5\n47906 Kempen<\/td>\n<td>Tel. 0172 \/ 252 1990<\/td>\n<\/tr>\n<tr valign=\"top\">\n<td><\/td>\n<td><\/td>\n<td><\/td>\n<\/tr>\n<\/tbody>\n<\/table>","_et_gb_content_width":"","footnotes":""},"class_list":["post-6466","page","type-page","status-publish","hentry"],"_links":{"self":[{"href":"https:\/\/cdu-kempen.de\/index.php\/wp-json\/wp\/v2\/pages\/6466"}],"collection":[{"href":"https:\/\/cdu-kempen.de\/index.php\/wp-json\/wp\/v2\/pages"}],"about":[{"href":"https:\/\/cdu-kempen.de\/index.php\/wp-json\/wp\/v2\/types\/page"}],"author":[{"embeddable":true,"href":"https:\/\/cdu-kempen.de\/index.php\/wp-json\/wp\/v2\/users\/2"}],"replies":[{"embeddable":true,"href":"https:\/\/cdu-kempen.de\/index.php\/wp-json\/wp\/v2\/comments?post=6466"}],"version-history":[{"count":28,"href":"https:\/\/cdu-kempen.de\/index.php\/wp-json\/wp\/v2\/pages\/6466\/revisions"}],"predecessor-version":[{"id":13234,"href":"https:\/\/cdu-kempen.de\/index.php\/wp-json\/wp\/v2\/pages\/6466\/revisions\/13234"}],"up":[{"embeddable":true,"href":"https:\/\/cdu-kempen.de\/index.php\/wp-json\/wp\/v2\/pages\/6482"}],"wp:attachment":[{"href":"https:\/\/cdu-kempen.de\/index.php\/wp-json\/wp\/v2\/media?parent=6466"}],"curies":[{"name":"wp","href":"https:\/\/api.w.org\/{rel}","templated":true}]}}

<p>[et_pb_section fb_built=&#8220;1&#8243; admin_label=&#8220;section&#8220; _builder_version=&#8220;4.16&#8243; global_colors_info=&#8220;{}&#8220;][et_pb_row admin_label=&#8220;row&#8220; _builder_version=&#8220;4.16&#8243; background_size=&#8220;initial&#8220; background_position=&#8220;top_left&#8220; background_repeat=&#8220;repeat&#8220; custom_padding=&#8220;12px|||||&#8220; global_colors_info=&#8220;{}&#8220;][et_pb_column type=&#8220;4_4&#8243; _builder_version=&#8220;4.16&#8243; custom_padding=&#8220;|||&#8220; global_colors_info=&#8220;{}&#8220; custom_padding__hover=&#8220;|||&#8220;][et_pb_text admin_label=&#8220;Text&#8220; _builder_version=&#8220;4.16&#8243; background_size=&#8220;initial&#8220; background_position=&#8220;top_left&#8220; background_repeat=&#8220;repeat&#8220; global_colors_info=&#8220;{}&#8220;]</p>
<p>&nbsp;</p>
<table border="0" width="500" cellspacing="0" cellpadding="5" align="center">
<tbody>
<tr valign="top" bgcolor="">
<td colspan="3" align="center">Vorsitzender</td>
</tr>
<tr valign="top">
<td><a href="#" data-email-protect-click="11mcoocppBefw/mgorgp0fg"><strong>Kammann, Axel</strong></a></td>
<td align="left">
<p>Thomas-Mann-Straße 10<br />47906 Kempen</p>
</td>
<td align="left">Tel.: <br />0152 320 18 256</td>
</tr>
<tr valign="top" bgcolor="">
<td colspan="3" align="center">Stellvertreter</td>
</tr>
<tr valign="top">
<td><strong>Meyer, Michael</strong></td>
<td align="left">Robert-Koch-Straße 32<br />47906 Kempen</td>
<td>Tel.: <br />02152 518 155</td>
</tr>
<tr valign="top" bgcolor="">
<td colspan="3" align="center">Schriftführer</td>
</tr>
<tr valign="top">
<td><strong>Meyer, Michael</strong></td>
<td align="left">Robert-Koch-Straße 32<br />47906 Kempen</td>
<td>Tel.: <br />02152 518 155</td>
</tr>
<tr valign="top" bgcolor="">
<td colspan="3" align="center">Beisitzer</td>
</tr>
<tr valign="top">
<td>
<p><strong>Buchholz, Ulrich </strong></p>
<p><strong></strong></p>
<p><strong>Latzel, Holger </strong></p>
</td>
<td>
<p>Robert-Koch-Straße 52<br />47906 Kempen</p>
<p>Robert-Koch-Straße 22<br />47906 Kempen</p>
</td>
<td>Tel.: <br />0162 218 3076</td>
</tr>
<tr valign="top">
<td><strong>Schoofs, Günther</strong></td>
<td align="left">Einsteinstraße 2<br />47906 Kempen</td>
<td>Tel.: <br />0171 752 4745</td>
</tr>
<tr valign="top">
<td></td>
<td></td>
<td></td>
</tr>
</tbody>
</table>
<p>&nbsp;</p>
<p>[/et_pb_text][/et_pb_column][/et_pb_row][/et_pb_section]</p>

<p>&nbsp; Vorsitzender Kammann, Axel Thomas-Mann-Straße 1047906 Kempen Tel.: 0152 320 18 256 Stellvertreter Meyer, Michael Robert-Koch-Straße 3247906 Kempen Tel.: 02152 518 155 Schriftführer Meyer, Michael Robert-Koch-Straße 3247906 Kempen Tel.: 02152 518 155 Beisitzer Buchholz, Ulrich  Latzel, Holger  Robert-Koch-Straße 5247906 Kempen Robert-Koch-Straße 2247906 Kempen Tel.: 0162 218 3076 Schoofs, Günther Einsteinstraße 247906 Kempen Tel.: 0171 752 4745 &nbsp;</p>

<table border="0" width="500" cellspacing="0" cellpadding="5" align="center">
<tbody>
<tr valign="top" bgcolor="">
<td colspan="3" align="center">Vorsitzender</td>
</tr>
<tr valign="top">
<td><strong>Latzel, Horst</strong></td>
<td align="left">Robert-Koch-Straße 34
47906 Kempen</td>
<td align="left">Tel. 02152 / 1873</td>
</tr>
<tr valign="top" bgcolor="">
<td colspan="3" align="center">Stellvertreter</td>
</tr>
<tr valign="top">
<td><strong>Steves, Dr. Volker
</strong></td>
<td align="left">Einsteinstr. 13a
47906 Kempen</td>
<td>Tel. 02152 / 50553</td>
</tr>
<tr valign="top" bgcolor="">
<td colspan="3" align="center">Schriftführer</td>
</tr>
<tr valign="top">
<td>n.n.</td>
<td align="left"></td>
<td></td>
</tr>
<tr valign="top" bgcolor="">
<td colspan="3" align="center">Beisitzer</td>
</tr>
<tr valign="top">
<td><strong>Radtke, Horst </strong></td>
<td>Dunantstraße 123c
47906 Kempen</td>
<td>Tel. 02152 / 8926694</td>
</tr>
<tr valign="top">
<td><strong>Stenhorst, Willi</strong></td>
<td align="left">Paul-Ehrlich-Str. 5
47906 Kempen</td>
<td>Tel. 0172 / 252 1990</td>
</tr>
<tr valign="top">
<td></td>
<td></td>
<td></td>
</tr>
</tbody>
</table>
