{"id":6528,"date":"2017-11-09T15:37:29","date_gmt":"2017-11-09T15:37:29","guid":{"rendered":"http:\/\/cdu-kempen.de\/?page_id=6528"},"modified":"2025-05-25T18:40:45","modified_gmt":"2025-05-25T18:40:45","slug":"kontakt-2-kontakt-hell","status":"publish","type":"page","link":"https:\/\/cdu-kempen.de\/index.php\/kontakt-2-kontakt-hell\/","title":{"rendered":"Kontakt"},"content":{"rendered":"\n[et_pb_section fb_built=&#8220;1&#8243; _builder_version=&#8220;4.16&#8243; global_colors_info=&#8220;{}&#8220;][et_pb_row _builder_version=&#8220;4.16&#8243; background_size=&#8220;initial&#8220; background_position=&#8220;top_left&#8220; background_repeat=&#8220;repeat&#8220; global_colors_info=&#8220;{}&#8220;][et_pb_column type=&#8220;4_4&#8243; _builder_version=&#8220;4.16&#8243; custom_padding=&#8220;|||&#8220; global_colors_info=&#8220;{}&#8220; custom_padding__hover=&#8220;|||&#8220;][et_pb_text _builder_version=&#8220;4.16&#8243; background_size=&#8220;initial&#8220; background_position=&#8220;top_left&#8220; background_repeat=&#8220;repeat&#8220; global_colors_info=&#8220;{}&#8220;]<p>Sie m\u00f6chten Kontakt mit uns aufnehmen? Dann senden Sie uns gerne eine<br \/>E-Mail \u00fcber das rechts stehende Kontaktformular. Wir werden Ihr Anliegen so schnell wie m\u00f6glich bearbeiten.<\/p>\n<p><strong>Vorsitzender des Stadtverbandes:<\/strong><br \/>Niklas Hell<br \/>Tel.: 01520 6670 519<br \/><a href=\"http:\/\/cdu-kempen.de\/index.php\/kontakt-2\/kontakt-hell\/\">Kontakt aufnehmen<\/a><\/p>\n<p><strong>Gesch\u00e4ftsf\u00fchrer des Stadtverbandes:<\/strong><br \/>Dr. Thorsten B\u00f6ger<br \/>Tel: 02152 \/ 994960<br \/><a href=\"http:\/\/cdu-kempen.de\/index.php\/kontakt-2\/kontakt-Boeger\/\">Kontakt aufnehmen<\/a><\/p>\n<p><strong>Vorsitzende der CDU-Fraktion:<\/strong><br \/>Michael Smeets<br \/>Tel: 02152 \/ 519408<br \/>Tel: 02152 \/ 893370<br \/><a href=\"http:\/\/cdu-kempen.de\/index.php\/kontakt-2\/kontakt-fraktionsvorsitzende\/\">Kontakt aufnehmen<\/a><\/p>\n<p><strong>Gesch\u00e4ftsf\u00fchrer der CDU-Fraktion:<\/strong><br \/>Hans-Willi Schmitz<br \/>Tel: 02152 \/ 516834<br \/><a href=\"http:\/\/cdu-kempen.de\/index.php\/kontakt-2\/kontakt-hoeltken\/\">Kontakt aufnehmen<\/a><\/p>[\/et_pb_text][\/et_pb_column][\/et_pb_row][\/et_pb_section]\n","protected":false},"excerpt":{"rendered":"<p>Sie m\u00f6chten Kontakt mit uns aufnehmen? Dann senden Sie uns gerne eineE-Mail \u00fcber das rechts stehende Kontaktformular. Wir werden Ihr Anliegen so schnell wie m\u00f6glich bearbeiten. Vorsitzender des Stadtverbandes:Niklas HellTel.: 01520 6670 519Kontakt aufnehmen Gesch\u00e4ftsf\u00fchrer des Stadtverbandes:Dr. Thorsten B\u00f6gerTel: 02152 \/ 994960Kontakt aufnehmen Vorsitzende der CDU-Fraktion:Michael SmeetsTel: 02152 \/ 519408Tel: 02152 \/ 893370Kontakt aufnehmen Gesch\u00e4ftsf\u00fchrer [&hellip;]<\/p>\n","protected":false},"author":2,"featured_media":0,"parent":0,"menu_order":0,"comment_status":"closed","ping_status":"closed","template":"","meta":{"_et_pb_use_builder":"on","_et_pb_old_content":"Sie m\u00f6chten Kontakt mit uns aufnehmen? Dann senden Sie uns gerne eine\nE-Mail \u00fcber das rechts stehende Kontaktformular. Wir werden Ihr Anliegen so schnell wie m\u00f6glich bearbeiten.\n\n<strong>Vorsitzender des Stadtverbandes:<\/strong>\nNiklas Hell\nTel.: 01520 6670 519\nKontakt aufnehmen\n\n<strong>Gesch\u00e4ftsf\u00fchrer des Stadtverbandes:<\/strong>\nDr. Thorsten B\u00f6ger\nTel: 02152 \/ 994960\n<a href=\"http:\/\/cdu-kempen.de\/index.php\/kontakt-2\/kontakt-Boeger\/\">Kontakt aufnehmen<\/a>\n\n<strong>Vorsitzende der CDU-Fraktion:<\/strong>\nMichael Smeets\nTel: 02152 \/ 519408\nTel: 02152 \/ 893370\n<a href=\"http:\/\/cdu-kempen.de\/index.php\/kontakt-2\/kontakt-herbst\/\">Kontakt aufnehmen<\/a>\n\n<strong>Gesch\u00e4ftsf\u00fchrer der CDU-Fraktion:<\/strong>\nHans-Willi Schmitz\nTel: 02152 \/ 516834\n<a href=\"http:\/\/cdu-kempen.de\/index.php\/kontakt-2\/kontakt-hoeltken\/\">Kontakt aufnehmen<\/a>","_et_gb_content_width":"","footnotes":""},"class_list":["post-6528","page","type-page","status-publish","hentry"],"_links":{"self":[{"href":"https:\/\/cdu-kempen.de\/index.php\/wp-json\/wp\/v2\/pages\/6528"}],"collection":[{"href":"https:\/\/cdu-kempen.de\/index.php\/wp-json\/wp\/v2\/pages"}],"about":[{"href":"https:\/\/cdu-kempen.de\/index.php\/wp-json\/wp\/v2\/types\/page"}],"author":[{"embeddable":true,"href":"https:\/\/cdu-kempen.de\/index.php\/wp-json\/wp\/v2\/users\/2"}],"replies":[{"embeddable":true,"href":"https:\/\/cdu-kempen.de\/index.php\/wp-json\/wp\/v2\/comments?post=6528"}],"version-history":[{"count":48,"href":"https:\/\/cdu-kempen.de\/index.php\/wp-json\/wp\/v2\/pages\/6528\/revisions"}],"predecessor-version":[{"id":12262,"href":"https:\/\/cdu-kempen.de\/index.php\/wp-json\/wp\/v2\/pages\/6528\/revisions\/12262"}],"wp:attachment":[{"href":"https:\/\/cdu-kempen.de\/index.php\/wp-json\/wp\/v2\/media?parent=6528"}],"curies":[{"name":"wp","href":"https:\/\/api.w.org\/{rel}","templated":true}]}}

[et_pb_section fb_built=&#8220;1&#8243; _builder_version=&#8220;4.16&#8243; global_colors_info=&#8220;{}&#8220;][et_pb_row _builder_version=&#8220;4.16&#8243; background_size=&#8220;initial&#8220; background_position=&#8220;top_left&#8220; background_repeat=&#8220;repeat&#8220; global_colors_info=&#8220;{}&#8220;][et_pb_column type=&#8220;4_4&#8243; _builder_version=&#8220;4.16&#8243; custom_padding=&#8220;|||&#8220; global_colors_info=&#8220;{}&#8220; custom_padding__hover=&#8220;|||&#8220;][et_pb_text _builder_version=&#8220;4.16&#8243; background_size=&#8220;initial&#8220; background_position=&#8220;top_left&#8220; background_repeat=&#8220;repeat&#8220; global_colors_info=&#8220;{}&#8220;]<p>Sie möchten Kontakt mit uns aufnehmen? Dann senden Sie uns gerne eine<br />E-Mail über das rechts stehende Kontaktformular. Wir werden Ihr Anliegen so schnell wie möglich bearbeiten.</p>
<p><strong>Vorsitzender des Stadtverbandes:</strong><br />Niklas Hell<br />Tel.: 01520 6670 519<br /><a href="http://cdu-kempen.de/index.php/kontakt-2/kontakt-hell/">Kontakt aufnehmen</a></p>
<p><strong>Geschäftsführer des Stadtverbandes:</strong><br />Dr. Thorsten Böger<br />Tel: 02152 / 994960<br /><a href="http://cdu-kempen.de/index.php/kontakt-2/kontakt-Boeger/">Kontakt aufnehmen</a></p>
<p><strong>Vorsitzende der CDU-Fraktion:</strong><br />Michael Smeets<br />Tel: 02152 / 519408<br />Tel: 02152 / 893370<br /><a href="http://cdu-kempen.de/index.php/kontakt-2/kontakt-fraktionsvorsitzende/">Kontakt aufnehmen</a></p>
<p><strong>Geschäftsführer der CDU-Fraktion:</strong><br />Hans-Willi Schmitz<br />Tel: 02152 / 516834<br /><a href="http://cdu-kempen.de/index.php/kontakt-2/kontakt-hoeltken/">Kontakt aufnehmen</a></p>[/et_pb_text][/et_pb_column][/et_pb_row][/et_pb_section]

<p>Sie möchten Kontakt mit uns aufnehmen? Dann senden Sie uns gerne eineE-Mail über das rechts stehende Kontaktformular. Wir werden Ihr Anliegen so schnell wie möglich bearbeiten. Vorsitzender des Stadtverbandes:Niklas HellTel.: 01520 6670 519Kontakt aufnehmen Geschäftsführer des Stadtverbandes:Dr. Thorsten BögerTel: 02152 / 994960Kontakt aufnehmen Vorsitzende der CDU-Fraktion:Michael SmeetsTel: 02152 / 519408Tel: 02152 / 893370Kontakt aufnehmen Geschäftsführer [&hellip;]</p>

Sie möchten Kontakt mit uns aufnehmen? Dann senden Sie uns gerne eine
E-Mail über das rechts stehende Kontaktformular. Wir werden Ihr Anliegen so schnell wie möglich bearbeiten.

<strong>Vorsitzender des Stadtverbandes:</strong>
Niklas Hell
Tel.: 01520 6670 519
Kontakt aufnehmen

<strong>Geschäftsführer des Stadtverbandes:</strong>
Dr. Thorsten Böger
Tel: 02152 / 994960
<a href="http://cdu-kempen.de/index.php/kontakt-2/kontakt-Boeger/">Kontakt aufnehmen</a>

<strong>Vorsitzende der CDU-Fraktion:</strong>
Michael Smeets
Tel: 02152 / 519408
Tel: 02152 / 893370
<a href="http://cdu-kempen.de/index.php/kontakt-2/kontakt-herbst/">Kontakt aufnehmen</a>

<strong>Geschäftsführer der CDU-Fraktion:</strong>
Hans-Willi Schmitz
Tel: 02152 / 516834
<a href="http://cdu-kempen.de/index.php/kontakt-2/kontakt-hoeltken/">Kontakt aufnehmen</a>
