{"id":6582,"date":"2017-11-24T00:31:07","date_gmt":"2017-11-24T00:31:07","guid":{"rendered":"http:\/\/cdu-kempen.de\/?page_id=6582"},"modified":"2026-08-31T11:45:01","modified_gmt":"2026-08-31T11:45:01","slug":"ihre-ansprechpartner-kempen-sued","status":"publish","type":"page","link":"https:\/\/cdu-kempen.de\/index.php\/fraktion\/ansprechpartner-vor-ort\/ihre-ansprechpartner-kempen-sued\/","title":{"rendered":""},"content":{"rendered":"<p>[et_pb_section fb_built=&#8220;1&#8243; _builder_version=&#8220;4.16&#8243; global_colors_info=&#8220;{}&#8220;][et_pb_row _builder_version=&#8220;4.16&#8243; background_size=&#8220;initial&#8220; background_position=&#8220;top_left&#8220; background_repeat=&#8220;repeat&#8220; global_colors_info=&#8220;{}&#8220;][et_pb_column type=&#8220;4_4&#8243; _builder_version=&#8220;4.16&#8243; custom_padding=&#8220;|||&#8220; global_colors_info=&#8220;{}&#8220; custom_padding__hover=&#8220;|||&#8220;][et_pb_text _builder_version=&#8220;4.26.1&#8243; background_size=&#8220;initial&#8220; background_position=&#8220;top_left&#8220; background_repeat=&#8220;repeat&#8220; hover_enabled=&#8220;0&#8243; global_colors_info=&#8220;{}&#8220; sticky_enabled=&#8220;0&#8243;]<\/p>\n<table border=\"0\" width=\"500\" cellspacing=\"0\" cellpadding=\"10\" align=\"center\">\n<tbody>\n<tr bgcolor=\"\">\n<td><strong>Name<\/strong><\/td>\n<td><strong>Adresse<\/strong><\/td>\n<td><strong>Telefon<\/strong><\/td>\n<\/tr>\n<tr valign=\"top\">\n<td><a href=\"#\" data-email-protect-click=\"l0jqwdgpBefw\/mgorgp0fgAuwdlgev?EFW'42Mgorgp\"><\/a><a href=\"#\" data-email-protect-click=\"l0jqwdgpBefw\/mgorgp0fg\">Dr. Jochen Houben<\/a><\/td>\n<td>Margeritenstra\u00dfe 209<br \/>47906 Kempen<\/td>\n<td><\/td>\n<\/tr>\n<tr valign=\"top\">\n<td height=\"59\"><a href=\"#\" data-email-protect-click=\"ncdkv|mgBefw\/mgorgp0fgAuwdlgev?EFW'42Mgorgp\"><\/a><a href=\"#\" data-email-protect-click=\"ncdkv|mgBefw\/mgorgp0fg\">Heidi Labitzke<\/a><\/td>\n<td height=\"59\">Hilariaweg 4<br \/>47906 Kempen<\/td>\n<td height=\"59\"><\/td>\n<\/tr>\n<tr valign=\"top\">\n<td height=\"59\"><a href=\"#\" data-email-protect-click=\"ncuugmBefw\/mgorgp0fgAuwdlgev?EFW'42Mgorgp\"><\/a><a href=\"#\" data-email-protect-click=\"ncuugmBefw\/mgorgp0fg\">Marcus La\u00dfek<\/a><\/td>\n<td height=\"59\">Graf-Bernadotte-Stra\u00dfe<br \/>47906 Kempen<\/td>\n<td height=\"59\"><\/td>\n<\/tr>\n<\/tbody>\n<\/table>\n<p>[\/et_pb_text][\/et_pb_column][\/et_pb_row][\/et_pb_section]<\/p>\n","protected":false},"excerpt":{"rendered":"<p>Name Adresse Telefon Dr. Jochen Houben Margeritenstra\u00dfe 20947906 Kempen Heidi Labitzke Hilariaweg 447906 Kempen Marcus La\u00dfek Graf-Bernadotte-Stra\u00dfe47906 Kempen<\/p>\n","protected":false},"author":11,"featured_media":0,"parent":6492,"menu_order":0,"comment_status":"closed","ping_status":"closed","template":"","meta":{"_et_pb_use_builder":"on","_et_pb_old_content":"<table border=\"0\" width=\"500\" cellspacing=\"0\" cellpadding=\"10\" align=\"center\">\n<tbody>\n<tr bgcolor=\"\">\n<td><strong>Name<\/strong><\/td>\n<td><strong>Adresse<\/strong><\/td>\n<td><strong>Telefon<\/strong><\/td>\n<\/tr>\n<tr valign=\"top\">\n<td><a href=\"mailto:j.Houben@cdu-kempen.de?subject=CDU%20Kempen\"><img class=\"alignnone\" src=\"http:\/\/www.cdu-kempen.de\/bilder\/brief.gif\" alt=\"\" width=\"28\" height=\"15\" align=\"right\" border=\"0\" \/><\/a><a href=\"http:\/\/cdu-kempen.de\/index.php\/fraktion\/stadtratsfraktion\/jochen-houben\/\">Dr. Jochen Houben<\/a><\/td>\n<td>Margeritenstra\u00dfe 209\n47906 Kempen<\/td>\n<td><\/td>\n<\/tr>\n<tr valign=\"top\">\n<td><a href=\"mailto:labitzke@cdu-kempen.de?subject=CDU%20Kempen\"><img class=\"alignnone\" src=\"http:\/\/www.cdu-kempen.de\/bilder\/brief.gif\" alt=\"\" width=\"28\" height=\"15\" align=\"right\" border=\"0\" \/><\/a><a href=\"https:\/\/cdu-kempen.de\/index.php\/fraktion\/stadtratsfraktion\/heidi-labitzke\/\">Heidi Labitzke<\/a><\/td>\n<td>Hilariaweg 4\n47906 Kempen<\/td>\n<td><\/td>\n<\/tr>\n<tr valign=\"top\">\n<td height=\"59\"><a href=\"mailto:lassek@cdu-kempen.de?subject=CDU%20Kempen\"><img class=\"alignnone\" src=\"http:\/\/www.cdu-kempen.de\/bilder\/brief.gif\" alt=\"\" width=\"28\" height=\"15\" align=\"right\" border=\"0\" \/><\/a><a href=\"https:\/\/cdu-kempen.de\/index.php\/fraktion\/stadtratsfraktion\/marcus-lassek\/\">Marcus La\u00dfek<\/a><\/td>\n<td height=\"59\">Graf-Bernadotte-Stra\u00dfe\n47906 Kempen<\/td>\n<td height=\"59\"><\/td>\n<\/tr>\n<\/tbody>\n<\/table>","_et_gb_content_width":"","footnotes":""},"class_list":["post-6582","page","type-page","status-publish","hentry"],"_links":{"self":[{"href":"https:\/\/cdu-kempen.de\/index.php\/wp-json\/wp\/v2\/pages\/6582","targetHints":{"allow":["GET"]}}],"collection":[{"href":"https:\/\/cdu-kempen.de\/index.php\/wp-json\/wp\/v2\/pages"}],"about":[{"href":"https:\/\/cdu-kempen.de\/index.php\/wp-json\/wp\/v2\/types\/page"}],"author":[{"embeddable":true,"href":"https:\/\/cdu-kempen.de\/index.php\/wp-json\/wp\/v2\/users\/11"}],"replies":[{"embeddable":true,"href":"https:\/\/cdu-kempen.de\/index.php\/wp-json\/wp\/v2\/comments?post=6582"}],"version-history":[{"count":21,"href":"https:\/\/cdu-kempen.de\/index.php\/wp-json\/wp\/v2\/pages\/6582\/revisions"}],"predecessor-version":[{"id":13406,"href":"https:\/\/cdu-kempen.de\/index.php\/wp-json\/wp\/v2\/pages\/6582\/revisions\/13406"}],"up":[{"embeddable":true,"href":"https:\/\/cdu-kempen.de\/index.php\/wp-json\/wp\/v2\/pages\/6492"}],"wp:attachment":[{"href":"https:\/\/cdu-kempen.de\/index.php\/wp-json\/wp\/v2\/media?parent=6582"}],"curies":[{"name":"wp","href":"https:\/\/api.w.org\/{rel}","templated":true}]}}

<p>[et_pb_section fb_built=&#8220;1&#8243; _builder_version=&#8220;4.16&#8243; global_colors_info=&#8220;{}&#8220;][et_pb_row _builder_version=&#8220;4.16&#8243; background_size=&#8220;initial&#8220; background_position=&#8220;top_left&#8220; background_repeat=&#8220;repeat&#8220; global_colors_info=&#8220;{}&#8220;][et_pb_column type=&#8220;4_4&#8243; _builder_version=&#8220;4.16&#8243; custom_padding=&#8220;|||&#8220; global_colors_info=&#8220;{}&#8220; custom_padding__hover=&#8220;|||&#8220;][et_pb_text _builder_version=&#8220;4.26.1&#8243; background_size=&#8220;initial&#8220; background_position=&#8220;top_left&#8220; background_repeat=&#8220;repeat&#8220; hover_enabled=&#8220;0&#8243; global_colors_info=&#8220;{}&#8220; sticky_enabled=&#8220;0&#8243;]</p>
<table border="0" width="500" cellspacing="0" cellpadding="10" align="center">
<tbody>
<tr bgcolor="">
<td><strong>Name</strong></td>
<td><strong>Adresse</strong></td>
<td><strong>Telefon</strong></td>
</tr>
<tr valign="top">
<td><a href="#" data-email-protect-click="l0jqwdgpBefw/mgorgp0fgAuwdlgev?EFW'42Mgorgp"></a><a href="#" data-email-protect-click="l0jqwdgpBefw/mgorgp0fg">Dr. Jochen Houben</a></td>
<td>Margeritenstraße 209<br />47906 Kempen</td>
<td></td>
</tr>
<tr valign="top">
<td height="59"><a href="#" data-email-protect-click="ncdkv|mgBefw/mgorgp0fgAuwdlgev?EFW'42Mgorgp"></a><a href="#" data-email-protect-click="ncdkv|mgBefw/mgorgp0fg">Heidi Labitzke</a></td>
<td height="59">Hilariaweg 4<br />47906 Kempen</td>
<td height="59"></td>
</tr>
<tr valign="top">
<td height="59"><a href="#" data-email-protect-click="ncuugmBefw/mgorgp0fgAuwdlgev?EFW'42Mgorgp"></a><a href="#" data-email-protect-click="ncuugmBefw/mgorgp0fg">Marcus Laßek</a></td>
<td height="59">Graf-Bernadotte-Straße<br />47906 Kempen</td>
<td height="59"></td>
</tr>
</tbody>
</table>
<p>[/et_pb_text][/et_pb_column][/et_pb_row][/et_pb_section]</p>

<p>Name Adresse Telefon Dr. Jochen Houben Margeritenstraße 20947906 Kempen Heidi Labitzke Hilariaweg 447906 Kempen Marcus Laßek Graf-Bernadotte-Straße47906 Kempen</p>

<table border="0" width="500" cellspacing="0" cellpadding="10" align="center">
<tbody>
<tr bgcolor="">
<td><strong>Name</strong></td>
<td><strong>Adresse</strong></td>
<td><strong>Telefon</strong></td>
</tr>
<tr valign="top">
<td><a href="mailto:j.Houben@cdu-kempen.de?subject=CDU%20Kempen"><img class="alignnone" src="http://www.cdu-kempen.de/bilder/brief.gif" alt="" width="28" height="15" align="right" border="0" /></a><a href="http://cdu-kempen.de/index.php/fraktion/stadtratsfraktion/jochen-houben/">Dr. Jochen Houben</a></td>
<td>Margeritenstraße 209
47906 Kempen</td>
<td></td>
</tr>
<tr valign="top">
<td><a href="mailto:labitzke@cdu-kempen.de?subject=CDU%20Kempen"><img class="alignnone" src="http://www.cdu-kempen.de/bilder/brief.gif" alt="" width="28" height="15" align="right" border="0" /></a><a href="https://cdu-kempen.de/index.php/fraktion/stadtratsfraktion/heidi-labitzke/">Heidi Labitzke</a></td>
<td>Hilariaweg 4
47906 Kempen</td>
<td></td>
</tr>
<tr valign="top">
<td height="59"><a href="mailto:lassek@cdu-kempen.de?subject=CDU%20Kempen"><img class="alignnone" src="http://www.cdu-kempen.de/bilder/brief.gif" alt="" width="28" height="15" align="right" border="0" /></a><a href="https://cdu-kempen.de/index.php/fraktion/stadtratsfraktion/marcus-lassek/">Marcus Laßek</a></td>
<td height="59">Graf-Bernadotte-Straße
47906 Kempen</td>
<td height="59"></td>
</tr>
</tbody>
</table>
