{"id":6845,"date":"2017-12-01T13:45:38","date_gmt":"2017-12-01T13:45:38","guid":{"rendered":"http:\/\/cdu-kempen.de\/?page_id=6845"},"modified":"2023-01-03T16:51:33","modified_gmt":"2023-01-03T16:51:33","slug":"junge-union-kempen","status":"publish","type":"page","link":"https:\/\/cdu-kempen.de\/index.php\/vereinigungen\/junge-union-kempen\/","title":{"rendered":"Junge Union Kempen"},"content":{"rendered":"<table border=\"0\" width=\"500\" cellspacing=\"0\" cellpadding=\"3\" align=\"center\" bgcolor=\"#fff\">\n<tbody>\n<tr bgcolor=\"\">\n<td colspan=\"4\">\n<div><strong>Vorsitzender<\/strong><\/div>\n<\/td>\n<\/tr>\n<tr>\n<td><a href=\"#\" data-email-protect-click=\"11lw\/mgorgpBioz0fg\">Dr. Gero Scheiermann<\/a><\/td>\n<td>Am Bahnhof 2<\/td>\n<td>\u00a047906 Kempen<\/td>\n<td>0163\/7435559<\/td>\n<\/tr>\n<tr>\n<td><\/td>\n<td><\/td>\n<td><\/td>\n<td><\/td>\n<\/tr>\n<tr bgcolor=\"\">\n<td colspan=\"4\">\n<div><strong>Schatzmeister<\/strong><\/div>\n<\/td>\n<\/tr>\n<tr>\n<td>Michael R\u00f6gels<\/td>\n<td>Feldweg 5<\/td>\n<td>47906 Kempen<\/td>\n<td><\/td>\n<\/tr>\n<tr>\n<td><\/td>\n<td><\/td>\n<td><\/td>\n<td><\/td>\n<\/tr>\n<tr bgcolor=\"\">\n<td colspan=\"4\">\n<div><strong>Gesch\u00e4ftsf\u00fchrer<\/strong><\/div>\n<\/td>\n<\/tr>\n<tr>\n<td>Maximilian Thelen<\/td>\n<td>Feldweg 1<\/td>\n<td>47906 Kempen<\/td>\n<td>0151\/11507304<\/td>\n<\/tr>\n<\/tbody>\n<\/table>\n<p>Junge Union Kempen \u00a0Vorstand 2015 \u2013 2016<\/p>\n<p><a href=\"http:\/\/www.cdu-kempen.de\/wp-content\/uploads\/2009\/07\/junge-union-2015.jpg\" rel=\"lightbox[roadtrip]\">\u00a0<\/a><\/p>\n<p>Kurzportrait der Jungen Union Kempen:<\/p>\n<p>In der Jungen Union aktiv zu sein hei\u00dft: die eigene Zukunft selbst in die Hand zu nehmen, weil wir lieber handeln als behandelt werden, weil es Spa\u00df macht, mit Freundinnen und Freunden zusammenzuarbeiten, politische Ideen zu entwickeln und f\u00fcr Ihre Durchsetzung zu streiten. Zur JU geh\u00f6ren aber ebenso auch das Fu\u00dfballturnier, die Fete, die Kanutour, die Kinonacht und vieles sonst, was Spa\u00df macht. Also genau das Richtige, f\u00fcr junge, dynamische, spritzige Leute, die mitten im Leben stehen.<\/p>\n<p><strong>Ziele und Arbeit der\u00a0Junge Union :\u00a0<\/strong><a href=\"http:\/\/www.ju-kempen.de\/\" target=\"_blank\" rel=\"noopener\">\u00a0Junge Union Kempen<\/a><\/p>\n","protected":false},"excerpt":{"rendered":"<p>Vorsitzender Dr. Gero Scheiermann Am Bahnhof 2 \u00a047906 Kempen 0163\/7435559 Schatzmeister Michael R\u00f6gels Feldweg 5 47906 Kempen Gesch\u00e4ftsf\u00fchrer Maximilian Thelen Feldweg 1 47906 Kempen 0151\/11507304 Junge Union Kempen \u00a0Vorstand 2015 \u2013 2016 \u00a0 Kurzportrait der Jungen Union Kempen: In der Jungen Union aktiv zu sein hei\u00dft: die eigene Zukunft selbst in die Hand zu nehmen, [&hellip;]<\/p>\n","protected":false},"author":2,"featured_media":0,"parent":6495,"menu_order":0,"comment_status":"closed","ping_status":"closed","template":"","meta":{"_et_pb_use_builder":"","_et_pb_old_content":"","_et_gb_content_width":"","footnotes":""},"class_list":["post-6845","page","type-page","status-publish","hentry"],"_links":{"self":[{"href":"https:\/\/cdu-kempen.de\/index.php\/wp-json\/wp\/v2\/pages\/6845"}],"collection":[{"href":"https:\/\/cdu-kempen.de\/index.php\/wp-json\/wp\/v2\/pages"}],"about":[{"href":"https:\/\/cdu-kempen.de\/index.php\/wp-json\/wp\/v2\/types\/page"}],"author":[{"embeddable":true,"href":"https:\/\/cdu-kempen.de\/index.php\/wp-json\/wp\/v2\/users\/2"}],"replies":[{"embeddable":true,"href":"https:\/\/cdu-kempen.de\/index.php\/wp-json\/wp\/v2\/comments?post=6845"}],"version-history":[{"count":13,"href":"https:\/\/cdu-kempen.de\/index.php\/wp-json\/wp\/v2\/pages\/6845\/revisions"}],"predecessor-version":[{"id":10695,"href":"https:\/\/cdu-kempen.de\/index.php\/wp-json\/wp\/v2\/pages\/6845\/revisions\/10695"}],"up":[{"embeddable":true,"href":"https:\/\/cdu-kempen.de\/index.php\/wp-json\/wp\/v2\/pages\/6495"}],"wp:attachment":[{"href":"https:\/\/cdu-kempen.de\/index.php\/wp-json\/wp\/v2\/media?parent=6845"}],"curies":[{"name":"wp","href":"https:\/\/api.w.org\/{rel}","templated":true}]}}

<table border="0" width="500" cellspacing="0" cellpadding="3" align="center" bgcolor="#fff">
<tbody>
<tr bgcolor="">
<td colspan="4">
<div><strong>Vorsitzender</strong></div>
</td>
</tr>
<tr>
<td><a href="#" data-email-protect-click="11lw/mgorgpBioz0fg">Dr. Gero Scheiermann</a></td>
<td>Am Bahnhof 2</td>
<td> 47906 Kempen</td>
<td>0163/7435559</td>
</tr>
<tr>
<td></td>
<td></td>
<td></td>
<td></td>
</tr>
<tr bgcolor="">
<td colspan="4">
<div><strong>Schatzmeister</strong></div>
</td>
</tr>
<tr>
<td>Michael Rögels</td>
<td>Feldweg 5</td>
<td>47906 Kempen</td>
<td></td>
</tr>
<tr>
<td></td>
<td></td>
<td></td>
<td></td>
</tr>
<tr bgcolor="">
<td colspan="4">
<div><strong>Geschäftsführer</strong></div>
</td>
</tr>
<tr>
<td>Maximilian Thelen</td>
<td>Feldweg 1</td>
<td>47906 Kempen</td>
<td>0151/11507304</td>
</tr>
</tbody>
</table>
<p>Junge Union Kempen  Vorstand 2015 – 2016</p>
<p><a href="http://www.cdu-kempen.de/wp-content/uploads/2009/07/junge-union-2015.jpg" rel="lightbox[roadtrip]"> </a></p>
<p>Kurzportrait der Jungen Union Kempen:</p>
<p>In der Jungen Union aktiv zu sein heißt: die eigene Zukunft selbst in die Hand zu nehmen, weil wir lieber handeln als behandelt werden, weil es Spaß macht, mit Freundinnen und Freunden zusammenzuarbeiten, politische Ideen zu entwickeln und für Ihre Durchsetzung zu streiten. Zur JU gehören aber ebenso auch das Fußballturnier, die Fete, die Kanutour, die Kinonacht und vieles sonst, was Spaß macht. Also genau das Richtige, für junge, dynamische, spritzige Leute, die mitten im Leben stehen.</p>
<p><strong>Ziele und Arbeit der Junge Union : </strong><a href="http://www.ju-kempen.de/" target="_blank" rel="noopener"> Junge Union Kempen</a></p>

<p>Vorsitzender Dr. Gero Scheiermann Am Bahnhof 2  47906 Kempen 0163/7435559 Schatzmeister Michael Rögels Feldweg 5 47906 Kempen Geschäftsführer Maximilian Thelen Feldweg 1 47906 Kempen 0151/11507304 Junge Union Kempen  Vorstand 2015 – 2016   Kurzportrait der Jungen Union Kempen: In der Jungen Union aktiv zu sein heißt: die eigene Zukunft selbst in die Hand zu nehmen, [&hellip;]</p>
