{"id":7226,"date":"2018-01-12T15:01:45","date_gmt":"2018-01-12T15:01:45","guid":{"rendered":"https:\/\/cdu-kempen.de\/?page_id=7226"},"modified":"2018-01-12T15:01:45","modified_gmt":"2018-01-12T15:01:45","slug":"buergergespraech-zum-thema-burg-am-samstag-27-januar-2018-von-11-00-uhr-bis-13-00-uhr-vor-dem-eingang-der-kempener-burg","status":"publish","type":"page","link":"https:\/\/cdu-kempen.de\/index.php\/buergergespraech-zum-thema-burg-am-samstag-27-januar-2018-von-11-00-uhr-bis-13-00-uhr-vor-dem-eingang-der-kempener-burg\/","title":{"rendered":"B\u00fcrgergespr\u00e4ch zum Thema Burg am Samstag, 27. Januar 2018 von 11.00 Uhr bis 13.00 Uhr\u00a0vor dem Eingang der Kempener Burg"},"content":{"rendered":"<p>Die CDU-Fraktion Kempen m\u00f6chte auch weiterhin die B\u00fcrgerinnen und B\u00fcrger in Ihren Meinungsbildungsprozess zur Entscheidung \u00fcber die Zukunft der Kempener Burg einbeziehen.<\/p>\n<p>&nbsp;<\/p>\n<p>Hierzu bittet die CDU-Fraktion ganz herzlich die B\u00fcrgerinnen und B\u00fcrger ihren Standpunkt mitzuteilen am:<\/p>\n<p>&nbsp;<\/p>\n<p><strong>Samstag, 27. Januar 2018 von 11.00 Uhr bis 13.00 Uhr\u00a0vor dem Eingang der Kempener Burg.<\/strong><\/p>\n","protected":false},"excerpt":{"rendered":"<p>Die CDU-Fraktion Kempen m\u00f6chte auch weiterhin die B\u00fcrgerinnen und B\u00fcrger in Ihren Meinungsbildungsprozess zur Entscheidung \u00fcber die Zukunft der Kempener Burg einbeziehen. &nbsp; Hierzu bittet die CDU-Fraktion ganz herzlich die B\u00fcrgerinnen und B\u00fcrger ihren Standpunkt mitzuteilen am: &nbsp; Samstag, 27. Januar 2018 von 11.00 Uhr bis 13.00 Uhr\u00a0vor dem Eingang der Kempener Burg.<\/p>\n","protected":false},"author":6,"featured_media":0,"parent":0,"menu_order":0,"comment_status":"closed","ping_status":"closed","template":"","meta":{"_et_pb_use_builder":"","_et_pb_old_content":"","_et_gb_content_width":"","footnotes":""},"class_list":["post-7226","page","type-page","status-publish","hentry"],"_links":{"self":[{"href":"https:\/\/cdu-kempen.de\/index.php\/wp-json\/wp\/v2\/pages\/7226"}],"collection":[{"href":"https:\/\/cdu-kempen.de\/index.php\/wp-json\/wp\/v2\/pages"}],"about":[{"href":"https:\/\/cdu-kempen.de\/index.php\/wp-json\/wp\/v2\/types\/page"}],"author":[{"embeddable":true,"href":"https:\/\/cdu-kempen.de\/index.php\/wp-json\/wp\/v2\/users\/6"}],"replies":[{"embeddable":true,"href":"https:\/\/cdu-kempen.de\/index.php\/wp-json\/wp\/v2\/comments?post=7226"}],"version-history":[{"count":1,"href":"https:\/\/cdu-kempen.de\/index.php\/wp-json\/wp\/v2\/pages\/7226\/revisions"}],"predecessor-version":[{"id":7227,"href":"https:\/\/cdu-kempen.de\/index.php\/wp-json\/wp\/v2\/pages\/7226\/revisions\/7227"}],"wp:attachment":[{"href":"https:\/\/cdu-kempen.de\/index.php\/wp-json\/wp\/v2\/media?parent=7226"}],"curies":[{"name":"wp","href":"https:\/\/api.w.org\/{rel}","templated":true}]}}

Bürgergespräch zum Thema Burg am Samstag, 27. Januar 2018 von 11.00 Uhr bis 13.00 Uhr vor dem Eingang der Kempener Burg

<p>Die CDU-Fraktion Kempen möchte auch weiterhin die Bürgerinnen und Bürger in Ihren Meinungsbildungsprozess zur Entscheidung über die Zukunft der Kempener Burg einbeziehen.</p>
<p>&nbsp;</p>
<p>Hierzu bittet die CDU-Fraktion ganz herzlich die Bürgerinnen und Bürger ihren Standpunkt mitzuteilen am:</p>
<p>&nbsp;</p>
<p><strong>Samstag, 27. Januar 2018 von 11.00 Uhr bis 13.00 Uhr vor dem Eingang der Kempener Burg.</strong></p>

<p>Die CDU-Fraktion Kempen möchte auch weiterhin die Bürgerinnen und Bürger in Ihren Meinungsbildungsprozess zur Entscheidung über die Zukunft der Kempener Burg einbeziehen. &nbsp; Hierzu bittet die CDU-Fraktion ganz herzlich die Bürgerinnen und Bürger ihren Standpunkt mitzuteilen am: &nbsp; Samstag, 27. Januar 2018 von 11.00 Uhr bis 13.00 Uhr vor dem Eingang der Kempener Burg.</p>
