{"id":8236,"date":"2019-09-02T13:56:40","date_gmt":"2019-09-02T13:56:40","guid":{"rendered":"https:\/\/cdu-kempen.de\/?page_id=8236"},"modified":"2019-09-02T13:59:08","modified_gmt":"2019-09-02T13:59:08","slug":"familientroedel-der-cdu","status":"publish","type":"page","link":"https:\/\/cdu-kempen.de\/index.php\/familientroedel-der-cdu\/","title":{"rendered":"Familientr\u00f6del der CDU"},"content":{"rendered":"<p>Am Sonntag, 22 September 2019 um 10.00 Uhr findet der Familientr\u00f6del des CDU-Ortsausschusses Kempen-S\u00fcd statt.<\/p>\n<p>Anmeldungen sind unter folgender E-Mail-Adresse:<\/p>\n<p><span data-email-protect=\"vtqgfgnoctmvBefw\/mgorgp0fg\"><\/span><\/p>\n","protected":false},"excerpt":{"rendered":"<p>Am Sonntag, 22 September 2019 um 10.00 Uhr findet der Familientr\u00f6del des CDU-Ortsausschusses Kempen-S\u00fcd statt. Anmeldungen sind unter folgender E-Mail-Adresse:<\/p>\n","protected":false},"author":6,"featured_media":0,"parent":0,"menu_order":0,"comment_status":"closed","ping_status":"closed","template":"","meta":{"_et_pb_use_builder":"","_et_pb_old_content":"","_et_gb_content_width":"","footnotes":""},"class_list":["post-8236","page","type-page","status-publish","hentry"],"_links":{"self":[{"href":"https:\/\/cdu-kempen.de\/index.php\/wp-json\/wp\/v2\/pages\/8236"}],"collection":[{"href":"https:\/\/cdu-kempen.de\/index.php\/wp-json\/wp\/v2\/pages"}],"about":[{"href":"https:\/\/cdu-kempen.de\/index.php\/wp-json\/wp\/v2\/types\/page"}],"author":[{"embeddable":true,"href":"https:\/\/cdu-kempen.de\/index.php\/wp-json\/wp\/v2\/users\/6"}],"replies":[{"embeddable":true,"href":"https:\/\/cdu-kempen.de\/index.php\/wp-json\/wp\/v2\/comments?post=8236"}],"version-history":[{"count":1,"href":"https:\/\/cdu-kempen.de\/index.php\/wp-json\/wp\/v2\/pages\/8236\/revisions"}],"predecessor-version":[{"id":8239,"href":"https:\/\/cdu-kempen.de\/index.php\/wp-json\/wp\/v2\/pages\/8236\/revisions\/8239"}],"wp:attachment":[{"href":"https:\/\/cdu-kempen.de\/index.php\/wp-json\/wp\/v2\/media?parent=8236"}],"curies":[{"name":"wp","href":"https:\/\/api.w.org\/{rel}","templated":true}]}}

Familientrödel der CDU

<p>Am Sonntag, 22 September 2019 um 10.00 Uhr findet der Familientrödel des CDU-Ortsausschusses Kempen-Süd statt.</p>
<p>Anmeldungen sind unter folgender E-Mail-Adresse:</p>
<p><span data-email-protect="vtqgfgnoctmvBefw/mgorgp0fg"></span></p>

<p>Am Sonntag, 22 September 2019 um 10.00 Uhr findet der Familientrödel des CDU-Ortsausschusses Kempen-Süd statt. Anmeldungen sind unter folgender E-Mail-Adresse:</p>
