{"id":8722,"date":"2020-04-18T19:37:59","date_gmt":"2020-04-18T19:37:59","guid":{"rendered":"https:\/\/cdu-kempen.de\/?page_id=8722"},"modified":"2020-04-18T19:37:59","modified_gmt":"2020-04-18T19:37:59","slug":"kempen-wie-gehts-dir-2","status":"publish","type":"page","link":"https:\/\/cdu-kempen.de\/index.php\/kempen-wie-gehts-dir-2\/","title":{"rendered":"Kempen wie gehts dir?"},"content":{"rendered":"<p>\u201eKempen, wie geht&#8217;s dir?&#8220; \u2013 diese offene Frage m\u00f6chte die Kempener CDU gerne allen B\u00fcrgerinnen und B\u00fcrgern unserer Stadt stellen. An zwei Tagen werden hierzu im gesamten Stadtgebiet an entsprechenden St\u00e4nden die jeweiligen Antworten auf diese Frage gesammelt. \u201eWir m\u00f6chten unseren Dialog mit den B\u00fcrgerinnen und B\u00fcrgern weiter intensiv pflegen und dazu auch \u00fcber neue Formate herzlich einladen&#8220;, sagt der CDU-Parteivorsitzende Philipp Kraft.<\/p>\n<p>Eine Beteiligung an dieser Aktion ist dabei nicht nur an den Informationsst\u00e4nden, sondern nat\u00fcrlich auch \u00fcber das Internet und in den sozialen Medien m\u00f6glich. \u201eWir sind auf allen Kan\u00e4len erreichbar&#8220;, unterstreicht Kraft. Jede\/r bekommt somit die M\u00f6glichkeit, auf einer Postkarte positive Kennzeichen von Kempen (\u201eWas ist Ihnen wichtig in Kempen&#8220; bzw. \u201eWas zeichnet Kempen f\u00fcr Sie aus?&#8220;) und W\u00fcnsche f\u00fcr das k\u00fcnftige Kempen (\u201eWas w\u00fcnschen Sie sich f\u00fcr Kempen?&#8220;) anzugeben.<\/p>\n<p>Die jeweiligen Angaben werden nach der Aktion ausgewertet und sollen anschlie\u00dfend sowohl in die aktuelle CDU-Fraktionsarbeit eingebracht werden, als auch Impulse f\u00fcr das Programm des CDU-Stadtverbandes Kempen f\u00fcr die Kommunalwahl 2020 geben. \u201eWir nehmen die Anliegen und Anregungen unserer B\u00fcrgerinnen und B\u00fcrger ernst und freuen uns, wenn sich generations\u00fcbergreifend m\u00f6glichst viele an unserer Aktion beteiligen&#8220; unterstreicht Philipp Kraft.[\/vc_column_text][\/vc_column][\/vc_row][vc_row][vc_column width=&#8220;1\/3&#8243;][\/vc_column][vc_column width=&#8220;1\/3&#8243;]\n<div class=\"wpcf7 no-js\" id=\"wpcf7-f8076-o1\" lang=\"de-DE\" dir=\"ltr\" data-wpcf7-id=\"8076\">\n<div class=\"screen-reader-response\"><p role=\"status\" aria-live=\"polite\" aria-atomic=\"true\"><\/p> <ul><\/ul><\/div>\n<form action=\"\/index.php\/wp-json\/wp\/v2\/pages\/8722#wpcf7-f8076-o1\" method=\"post\" class=\"wpcf7-form init\" aria-label=\"Kontaktformular\" novalidate=\"novalidate\" data-status=\"init\">\n<div style=\"display: none;\">\n<input type=\"hidden\" name=\"_wpcf7\" value=\"8076\" \/>\n<input type=\"hidden\" name=\"_wpcf7_version\" value=\"6.0.1\" \/>\n<input type=\"hidden\" name=\"_wpcf7_locale\" value=\"de_DE\" \/>\n<input type=\"hidden\" name=\"_wpcf7_unit_tag\" value=\"wpcf7-f8076-o1\" \/>\n<input type=\"hidden\" name=\"_wpcf7_container_post\" value=\"0\" \/>\n<input type=\"hidden\" name=\"_wpcf7_posted_data_hash\" value=\"\" \/>\n<input type=\"hidden\" name=\"_wpcf7_recaptcha_response\" value=\"\" \/>\n<\/div>\n<p><label>Was ist Ihnen wichtig in Kempen?<br \/>\nWas zeichnet Kempen f\u00fcr Sie aus?<br \/>\n<span class=\"wpcf7-form-control-wrap\" data-name=\"textarea-425\"><textarea cols=\"40\" rows=\"10\" maxlength=\"2000\" class=\"wpcf7-form-control wpcf7-textarea wpcf7-validates-as-required\" aria-required=\"true\" aria-invalid=\"false\" name=\"textarea-425\"><\/textarea><\/span> <\/label>\n<\/p>\n<p><label>Was w\u00fcnschen Sie sich f\u00fcr Kempen?<br \/>\n<span class=\"wpcf7-form-control-wrap\" data-name=\"textarea-426\"><textarea cols=\"40\" rows=\"10\" maxlength=\"2000\" class=\"wpcf7-form-control wpcf7-textarea wpcf7-validates-as-required\" aria-required=\"true\" aria-invalid=\"false\" name=\"textarea-426\"><\/textarea><\/span><br \/>\n<\/label>\n<\/p>\n<p>Mein Stadtteil<br \/>\n<span class=\"wpcf7-form-control-wrap\" data-name=\"menu-371\"><select class=\"wpcf7-form-control wpcf7-select\" aria-invalid=\"false\" name=\"menu-371\"><option value=\"Kempen\">Kempen<\/option><option value=\"St. Hubert\">St. Hubert<\/option><option value=\"T\u00f6nisberg\">T\u00f6nisberg<\/option><option value=\"Schmalbroich-Unterweiden\">Schmalbroich-Unterweiden<\/option><\/select><\/span>\n<\/p>\n<p><input class=\"wpcf7-form-control wpcf7-submit has-spinner\" type=\"submit\" value=\"Absenden\" \/>\n<\/p><div class=\"wpcf7-response-output\" aria-hidden=\"true\"><\/div>\n<\/form>\n<\/div>\n[\/vc_column][vc_column width=&#8220;1\/3&#8243;][\/vc_column][\/vc_row][\/vc_section]<\/p>\n","protected":false},"excerpt":{"rendered":"<p>\u201eKempen, wie geht&#8217;s dir?&#8220; \u2013 diese offene Frage m\u00f6chte die Kempener CDU gerne allen B\u00fcrgerinnen und B\u00fcrgern unserer Stadt stellen. An zwei Tagen werden hierzu im gesamten Stadtgebiet an entsprechenden St\u00e4nden die jeweiligen Antworten auf diese Frage gesammelt. \u201eWir m\u00f6chten unseren Dialog mit den B\u00fcrgerinnen und B\u00fcrgern weiter intensiv pflegen und dazu auch \u00fcber neue [&hellip;]<\/p>\n","protected":false},"author":5,"featured_media":0,"parent":0,"menu_order":0,"comment_status":"closed","ping_status":"closed","template":"","meta":{"_et_pb_use_builder":"","_et_pb_old_content":"","_et_gb_content_width":"","footnotes":""},"class_list":["post-8722","page","type-page","status-publish","hentry"],"_links":{"self":[{"href":"https:\/\/cdu-kempen.de\/index.php\/wp-json\/wp\/v2\/pages\/8722"}],"collection":[{"href":"https:\/\/cdu-kempen.de\/index.php\/wp-json\/wp\/v2\/pages"}],"about":[{"href":"https:\/\/cdu-kempen.de\/index.php\/wp-json\/wp\/v2\/types\/page"}],"author":[{"embeddable":true,"href":"https:\/\/cdu-kempen.de\/index.php\/wp-json\/wp\/v2\/users\/5"}],"replies":[{"embeddable":true,"href":"https:\/\/cdu-kempen.de\/index.php\/wp-json\/wp\/v2\/comments?post=8722"}],"version-history":[{"count":1,"href":"https:\/\/cdu-kempen.de\/index.php\/wp-json\/wp\/v2\/pages\/8722\/revisions"}],"predecessor-version":[{"id":8723,"href":"https:\/\/cdu-kempen.de\/index.php\/wp-json\/wp\/v2\/pages\/8722\/revisions\/8723"}],"wp:attachment":[{"href":"https:\/\/cdu-kempen.de\/index.php\/wp-json\/wp\/v2\/media?parent=8722"}],"curies":[{"name":"wp","href":"https:\/\/api.w.org\/{rel}","templated":true}]}}

<p>„Kempen, wie geht&#8217;s dir?&#8220; – diese offene Frage möchte die Kempener CDU gerne allen Bürgerinnen und Bürgern unserer Stadt stellen. An zwei Tagen werden hierzu im gesamten Stadtgebiet an entsprechenden Ständen die jeweiligen Antworten auf diese Frage gesammelt. „Wir möchten unseren Dialog mit den Bürgerinnen und Bürgern weiter intensiv pflegen und dazu auch über neue Formate herzlich einladen&#8220;, sagt der CDU-Parteivorsitzende Philipp Kraft.</p>
<p>Eine Beteiligung an dieser Aktion ist dabei nicht nur an den Informationsständen, sondern natürlich auch über das Internet und in den sozialen Medien möglich. „Wir sind auf allen Kanälen erreichbar&#8220;, unterstreicht Kraft. Jede/r bekommt somit die Möglichkeit, auf einer Postkarte positive Kennzeichen von Kempen („Was ist Ihnen wichtig in Kempen&#8220; bzw. „Was zeichnet Kempen für Sie aus?&#8220;) und Wünsche für das künftige Kempen („Was wünschen Sie sich für Kempen?&#8220;) anzugeben.</p>
<p>Die jeweiligen Angaben werden nach der Aktion ausgewertet und sollen anschließend sowohl in die aktuelle CDU-Fraktionsarbeit eingebracht werden, als auch Impulse für das Programm des CDU-Stadtverbandes Kempen für die Kommunalwahl 2020 geben. „Wir nehmen die Anliegen und Anregungen unserer Bürgerinnen und Bürger ernst und freuen uns, wenn sich generationsübergreifend möglichst viele an unserer Aktion beteiligen&#8220; unterstreicht Philipp Kraft.[/vc_column_text][/vc_column][/vc_row][vc_row][vc_column width=&#8220;1/3&#8243;][/vc_column][vc_column width=&#8220;1/3&#8243;]
<div class="wpcf7 no-js" id="wpcf7-f8076-o1" lang="de-DE" dir="ltr" data-wpcf7-id="8076">
<div class="screen-reader-response"><p role="status" aria-live="polite" aria-atomic="true"></p> <ul></ul></div>
<form action="/index.php/wp-json/wp/v2/pages/8722#wpcf7-f8076-o1" method="post" class="wpcf7-form init" aria-label="Kontaktformular" novalidate="novalidate" data-status="init">
<div style="display: none;">
<input type="hidden" name="_wpcf7" value="8076" />
<input type="hidden" name="_wpcf7_version" value="6.0.1" />
<input type="hidden" name="_wpcf7_locale" value="de_DE" />
<input type="hidden" name="_wpcf7_unit_tag" value="wpcf7-f8076-o1" />
<input type="hidden" name="_wpcf7_container_post" value="0" />
<input type="hidden" name="_wpcf7_posted_data_hash" value="" />
<input type="hidden" name="_wpcf7_recaptcha_response" value="" />
</div>
<p><label>Was ist Ihnen wichtig in Kempen?<br />
Was zeichnet Kempen für Sie aus?<br />
<span class="wpcf7-form-control-wrap" data-name="textarea-425"><textarea cols="40" rows="10" maxlength="2000" class="wpcf7-form-control wpcf7-textarea wpcf7-validates-as-required" aria-required="true" aria-invalid="false" name="textarea-425"></textarea></span> </label>
</p>
<p><label>Was wünschen Sie sich für Kempen?<br />
<span class="wpcf7-form-control-wrap" data-name="textarea-426"><textarea cols="40" rows="10" maxlength="2000" class="wpcf7-form-control wpcf7-textarea wpcf7-validates-as-required" aria-required="true" aria-invalid="false" name="textarea-426"></textarea></span><br />
</label>
</p>
<p>Mein Stadtteil<br />
<span class="wpcf7-form-control-wrap" data-name="menu-371"><select class="wpcf7-form-control wpcf7-select" aria-invalid="false" name="menu-371"><option value="Kempen">Kempen</option><option value="St. Hubert">St. Hubert</option><option value="Tönisberg">Tönisberg</option><option value="Schmalbroich-Unterweiden">Schmalbroich-Unterweiden</option></select></span>
</p>
<p><input class="wpcf7-form-control wpcf7-submit has-spinner" type="submit" value="Absenden" />
</p><div class="wpcf7-response-output" aria-hidden="true"></div>
</form>
</div>
[/vc_column][vc_column width=&#8220;1/3&#8243;][/vc_column][/vc_row][/vc_section]</p>

<p>„Kempen, wie geht&#8217;s dir?&#8220; – diese offene Frage möchte die Kempener CDU gerne allen Bürgerinnen und Bürgern unserer Stadt stellen. An zwei Tagen werden hierzu im gesamten Stadtgebiet an entsprechenden Ständen die jeweiligen Antworten auf diese Frage gesammelt. „Wir möchten unseren Dialog mit den Bürgerinnen und Bürgern weiter intensiv pflegen und dazu auch über neue [&hellip;]</p>
