{"id":8910,"date":"2020-07-05T18:20:51","date_gmt":"2020-07-05T18:20:51","guid":{"rendered":"https:\/\/cdu-kempen.de\/?page_id=8910"},"modified":"2020-07-12T14:37:15","modified_gmt":"2020-07-12T14:37:15","slug":"peter-fischer","status":"publish","type":"page","link":"https:\/\/cdu-kempen.de\/index.php\/wahl-2020\/peter-fischer\/","title":{"rendered":"Peter Fischer"},"content":{"rendered":"<p>[vc_section][vc_row][vc_column][vc_single_image image=&#8220;9072&#8243; img_size=&#8220;full&#8220; alignment=&#8220;center&#8220;][vc_custom_heading text=&#8220;Stellv. Fraktionsvorsitzender<br \/>\nWahlbezirk 3020<br \/>\nHagelkreuz<br \/>\nKreistagsmitglied<br \/>\nFraktionsvorsitzender der CDU-Kreistagsfraktion&#8220; font_container=&#8220;tag:h4|font_size:18px|text_align:center|color:%23666666&#8243; google_fonts=&#8220;font_family:Open%20Sans%3A300%2C300italic%2Cregular%2Citalic%2C600%2C600italic%2C700%2C700italic%2C800%2C800italic|font_style:400%20regular%3A400%3Anormal&#8220;][vc_column_text]<\/p>\n<table style=\"height: 939px;\" width=\"673\">\n<tbody>\n<tr>\n<td width=\"310\">Geburtsjahr:<\/td>\n<td width=\"250\">1970<\/td>\n<\/tr>\n<tr>\n<td>Beruf:<\/td>\n<td width=\"250\">Verwaltungsleiter im Kinderheim St. Annenhof<\/td>\n<\/tr>\n<tr>\n<td>Familienstand\/Kinder:<\/td>\n<td width=\"250\">verheiratet<\/td>\n<\/tr>\n<tr>\n<td>Telefon:<\/td>\n<td width=\"250\">0 21 52 51 67 68<\/td>\n<\/tr>\n<tr>\n<td>E-Mail (CDU-Adresse):<\/td>\n<td width=\"250\"><span data-email-protect=\"hkuejgtBefw\/mgorgp0fg\"><\/span><\/td>\n<\/tr>\n<tr>\n<td>Adresse:<\/td>\n<td width=\"250\">Thomas-Mann-Str. 12<br \/>\n47906 Kempen<\/td>\n<\/tr>\n<tr>\n<td>Facebook:<\/td>\n<td width=\"250\">nein<\/td>\n<\/tr>\n<tr>\n<td>Instagram:<\/td>\n<td width=\"250\">nein<\/td>\n<\/tr>\n<tr>\n<td>Hobbies\/Engagement\/Vereine:<\/td>\n<td width=\"250\">Politik in Rat, Kreistag und Landschaftsverband, Fu\u00dfball (passiv), Reisen, Fotografieren<\/td>\n<\/tr>\n<tr>\n<td>Mein Lieblingsplatz in Kempen:<\/td>\n<td width=\"250\">Mein Garten im Hagelkreuz<\/td>\n<\/tr>\n<tr>\n<td>In der Kommunalpolitik t\u00e4tig seit:<\/td>\n<td width=\"250\">1989<\/td>\n<\/tr>\n<tr>\n<td>Aussch\u00fcsse:<\/td>\n<td width=\"250\">Aufsichtsrat Stadtwerke<br \/>\nHaupt- und Finanzausschuss<br \/>\nLiegenschaften und Wirtschaftsf\u00f6rderung<br \/>\nBauausschuss<\/td>\n<\/tr>\n<tr>\n<td>Kommunalpolitische Schwerpunktthemen:<\/td>\n<td width=\"250\">Soziales und Jugendhilfe<br \/>\nWirtschaftsf\u00f6rderung, Bauen<\/td>\n<\/tr>\n<tr>\n<td>Ich engagiere mich f\u00fcr Kempen, weil:<\/td>\n<td width=\"250\">ich mitgestalten und mich einbringen m\u00f6chte statt zu lamentieren und nur zuzuschauen<\/td>\n<\/tr>\n<tr>\n<td>Philipp Kraft ist mein B\u00fcrgermeister, weil:<\/td>\n<td width=\"250\">wir eine f\u00fchrungsstarke Pers\u00f6nlichkeit brauchen, die uns in eine gute Zukunft f\u00fchrt<\/td>\n<\/tr>\n<tr>\n<td>F\u00fcnf Stichpunkte, die ich mit Kempen verbinde:<\/td>\n<td width=\"250\">Perle des Niederrheins<br \/>\nvielf\u00e4ltige Angebote<br \/>\nkurze Wege<br \/>\ntolles b\u00fcrgerschaftliches Engagement<br \/>\ngute Entwicklung gestern, heute und morgen<\/td>\n<\/tr>\n<\/tbody>\n<\/table>\n","protected":false},"excerpt":{"rendered":"<p>[vc_section][vc_row][vc_column][vc_single_image image=&#8220;9072&#8243; img_size=&#8220;full&#8220; alignment=&#8220;center&#8220;][vc_custom_heading text=&#8220;Stellv. Fraktionsvorsitzender Wahlbezirk 3020 Hagelkreuz Kreistagsmitglied Fraktionsvorsitzender der CDU-Kreistagsfraktion&#8220; font_container=&#8220;tag:h4|font_size:18px|text_align:center|color:%23666666&#8243; google_fonts=&#8220;font_family:Open%20Sans%3A300%2C300italic%2Cregular%2Citalic%2C600%2C600italic%2C700%2C700italic%2C800%2C800italic|font_style:400%20regular%3A400%3Anormal&#8220;][vc_column_text] Geburtsjahr: 1970 Beruf: Verwaltungsleiter im Kinderheim St. Annenhof Familienstand\/Kinder: verheiratet Telefon: 0 21 52 51 67 68 E-Mail (CDU-Adresse): Adresse: Thomas-Mann-Str. 12 47906 Kempen Facebook: nein Instagram: nein Hobbies\/Engagement\/Vereine: Politik in Rat, Kreistag und Landschaftsverband, Fu\u00dfball (passiv), Reisen, Fotografieren Mein [&hellip;]<\/p>\n","protected":false},"author":5,"featured_media":0,"parent":8848,"menu_order":0,"comment_status":"closed","ping_status":"closed","template":"","meta":{"_et_pb_use_builder":"","_et_pb_old_content":"","_et_gb_content_width":"","footnotes":""},"class_list":["post-8910","page","type-page","status-publish","hentry"],"_links":{"self":[{"href":"https:\/\/cdu-kempen.de\/index.php\/wp-json\/wp\/v2\/pages\/8910"}],"collection":[{"href":"https:\/\/cdu-kempen.de\/index.php\/wp-json\/wp\/v2\/pages"}],"about":[{"href":"https:\/\/cdu-kempen.de\/index.php\/wp-json\/wp\/v2\/types\/page"}],"author":[{"embeddable":true,"href":"https:\/\/cdu-kempen.de\/index.php\/wp-json\/wp\/v2\/users\/5"}],"replies":[{"embeddable":true,"href":"https:\/\/cdu-kempen.de\/index.php\/wp-json\/wp\/v2\/comments?post=8910"}],"version-history":[{"count":2,"href":"https:\/\/cdu-kempen.de\/index.php\/wp-json\/wp\/v2\/pages\/8910\/revisions"}],"predecessor-version":[{"id":9088,"href":"https:\/\/cdu-kempen.de\/index.php\/wp-json\/wp\/v2\/pages\/8910\/revisions\/9088"}],"up":[{"embeddable":true,"href":"https:\/\/cdu-kempen.de\/index.php\/wp-json\/wp\/v2\/pages\/8848"}],"wp:attachment":[{"href":"https:\/\/cdu-kempen.de\/index.php\/wp-json\/wp\/v2\/media?parent=8910"}],"curies":[{"name":"wp","href":"https:\/\/api.w.org\/{rel}","templated":true}]}}

<p>[vc_section][vc_row][vc_column][vc_single_image image=&#8220;9072&#8243; img_size=&#8220;full&#8220; alignment=&#8220;center&#8220;][vc_custom_heading text=&#8220;Stellv. Fraktionsvorsitzender<br />
Wahlbezirk 3020<br />
Hagelkreuz<br />
Kreistagsmitglied<br />
Fraktionsvorsitzender der CDU-Kreistagsfraktion&#8220; font_container=&#8220;tag:h4|font_size:18px|text_align:center|color:%23666666&#8243; google_fonts=&#8220;font_family:Open%20Sans%3A300%2C300italic%2Cregular%2Citalic%2C600%2C600italic%2C700%2C700italic%2C800%2C800italic|font_style:400%20regular%3A400%3Anormal&#8220;][vc_column_text]</p>
<table style="height: 939px;" width="673">
<tbody>
<tr>
<td width="310">Geburtsjahr:</td>
<td width="250">1970</td>
</tr>
<tr>
<td>Beruf:</td>
<td width="250">Verwaltungsleiter im Kinderheim St. Annenhof</td>
</tr>
<tr>
<td>Familienstand/Kinder:</td>
<td width="250">verheiratet</td>
</tr>
<tr>
<td>Telefon:</td>
<td width="250">0 21 52 51 67 68</td>
</tr>
<tr>
<td>E-Mail (CDU-Adresse):</td>
<td width="250"><span data-email-protect="hkuejgtBefw/mgorgp0fg"></span></td>
</tr>
<tr>
<td>Adresse:</td>
<td width="250">Thomas-Mann-Str. 12<br />
47906 Kempen</td>
</tr>
<tr>
<td>Facebook:</td>
<td width="250">nein</td>
</tr>
<tr>
<td>Instagram:</td>
<td width="250">nein</td>
</tr>
<tr>
<td>Hobbies/Engagement/Vereine:</td>
<td width="250">Politik in Rat, Kreistag und Landschaftsverband, Fußball (passiv), Reisen, Fotografieren</td>
</tr>
<tr>
<td>Mein Lieblingsplatz in Kempen:</td>
<td width="250">Mein Garten im Hagelkreuz</td>
</tr>
<tr>
<td>In der Kommunalpolitik tätig seit:</td>
<td width="250">1989</td>
</tr>
<tr>
<td>Ausschüsse:</td>
<td width="250">Aufsichtsrat Stadtwerke<br />
Haupt- und Finanzausschuss<br />
Liegenschaften und Wirtschaftsförderung<br />
Bauausschuss</td>
</tr>
<tr>
<td>Kommunalpolitische Schwerpunktthemen:</td>
<td width="250">Soziales und Jugendhilfe<br />
Wirtschaftsförderung, Bauen</td>
</tr>
<tr>
<td>Ich engagiere mich für Kempen, weil:</td>
<td width="250">ich mitgestalten und mich einbringen möchte statt zu lamentieren und nur zuzuschauen</td>
</tr>
<tr>
<td>Philipp Kraft ist mein Bürgermeister, weil:</td>
<td width="250">wir eine führungsstarke Persönlichkeit brauchen, die uns in eine gute Zukunft führt</td>
</tr>
<tr>
<td>Fünf Stichpunkte, die ich mit Kempen verbinde:</td>
<td width="250">Perle des Niederrheins<br />
vielfältige Angebote<br />
kurze Wege<br />
tolles bürgerschaftliches Engagement<br />
gute Entwicklung gestern, heute und morgen</td>
</tr>
</tbody>
</table>

<p>[vc_section][vc_row][vc_column][vc_single_image image=&#8220;9072&#8243; img_size=&#8220;full&#8220; alignment=&#8220;center&#8220;][vc_custom_heading text=&#8220;Stellv. Fraktionsvorsitzender Wahlbezirk 3020 Hagelkreuz Kreistagsmitglied Fraktionsvorsitzender der CDU-Kreistagsfraktion&#8220; font_container=&#8220;tag:h4|font_size:18px|text_align:center|color:%23666666&#8243; google_fonts=&#8220;font_family:Open%20Sans%3A300%2C300italic%2Cregular%2Citalic%2C600%2C600italic%2C700%2C700italic%2C800%2C800italic|font_style:400%20regular%3A400%3Anormal&#8220;][vc_column_text] Geburtsjahr: 1970 Beruf: Verwaltungsleiter im Kinderheim St. Annenhof Familienstand/Kinder: verheiratet Telefon: 0 21 52 51 67 68 E-Mail (CDU-Adresse): Adresse: Thomas-Mann-Str. 12 47906 Kempen Facebook: nein Instagram: nein Hobbies/Engagement/Vereine: Politik in Rat, Kreistag und Landschaftsverband, Fußball (passiv), Reisen, Fotografieren Mein [&hellip;]</p>
