{"id":8914,"date":"2020-07-05T18:20:51","date_gmt":"2020-07-05T18:20:51","guid":{"rendered":"https:\/\/cdu-kempen.de\/?page_id=8914"},"modified":"2020-07-24T09:53:43","modified_gmt":"2020-07-24T09:53:43","slug":"heike-hoeltken","status":"publish","type":"page","link":"https:\/\/cdu-kempen.de\/index.php\/wahl-2020\/heike-hoeltken\/","title":{"rendered":"Heike H\u00f6ltken"},"content":{"rendered":"<p>[vc_section][vc_row][vc_column][vc_single_image image=&#8220;9011&#8243; img_size=&#8220;400&#215;400&#8243; alignment=&#8220;center&#8220;][vc_custom_heading text=&#8220;Fraktionsgesch\u00e4ftsf\u00fchrerin<br \/>\nWahlbezirk 3050<br \/>\nKempen-Mitte<br \/>\nKreistagsmitglied<br \/>\n&#8220; font_container=&#8220;tag:h4|font_size:18px|text_align:center|color:%23666666&#8243; google_fonts=&#8220;font_family:Open%20Sans%3A300%2C300italic%2Cregular%2Citalic%2C600%2C600italic%2C700%2C700italic%2C800%2C800italic|font_style:400%20regular%3A400%3Anormal&#8220;][vc_column_text]<\/p>\n<table style=\"height: 999px;\" width=\"650\">\n<tbody>\n<tr>\n<td width=\"308\">Geburtsjahr:<\/td>\n<td width=\"245\">1963<\/td>\n<\/tr>\n<tr>\n<td>Beruf:<\/td>\n<td width=\"245\">Bankkauffau<\/td>\n<\/tr>\n<tr>\n<td><\/td>\n<td width=\"245\">zwei erwachsene T\u00f6chter<\/td>\n<\/tr>\n<tr>\n<td>Telefon:<\/td>\n<td width=\"245\">02152 555 66 55<\/td>\n<\/tr>\n<tr>\n<td>E-Mail (CDU-Adresse):<\/td>\n<td width=\"245\"><span data-email-protect=\"jqgnvmgpBefw\/mgorgp0fg\"><\/span><\/td>\n<\/tr>\n<tr>\n<td>Adresse:<\/td>\n<td width=\"245\">Josephine-Foerster-Stra\u00dfe 7<\/td>\n<\/tr>\n<tr>\n<td>Facebook:<\/td>\n<td width=\"245\">ja<\/td>\n<\/tr>\n<tr>\n<td><\/td>\n<td width=\"245\"><\/td>\n<\/tr>\n<tr>\n<td>Hobbies\/Engagement\/Vereine:<\/td>\n<td width=\"245\">Walken, Wandern, Fahrradfahren, Kultur, Vorsitzende FU Kempen, Vorsitzende F\u00f6rdergemeinschaft Kreismusikschule<\/td>\n<\/tr>\n<tr>\n<td>Mein Lieblingsplatz in Kempen:<\/td>\n<td width=\"245\">mein Garten<\/td>\n<\/tr>\n<tr>\n<td>In der Kommunalpolitik t\u00e4tig seit:<\/td>\n<td width=\"245\">2000<\/td>\n<\/tr>\n<tr>\n<td>Aussch\u00fcsse:<\/td>\n<td width=\"245\">Kultur, Soziales \/ Senioren, Sportausschuss<\/td>\n<\/tr>\n<tr>\n<td>Kommunalpolitische Schwerpunktthemen:<\/td>\n<td width=\"245\">Kultur, Seniorenarbeit, Sportentwicklung<\/td>\n<\/tr>\n<tr>\n<td>Ich engagiere mich f\u00fcr Kempen, weil:<\/td>\n<td width=\"245\">unsere Demokratie in der Kommunalpolitik nur funktioniert, wenn sich Menschen finden, die bereit sind mitzuwirken und Verantwortung zu \u00fcbernehmen. Ich m\u00f6chte mich daf\u00fcr einsetzen, dass die gute Lebensqualit\u00e4t in Kempen erhalten bleibt.<\/td>\n<\/tr>\n<tr>\n<td>Philipp Kraft ist mein B\u00fcrgermeister, weil:<\/td>\n<td width=\"245\">er Fach- und Sachkompetenz hat<\/td>\n<\/tr>\n<tr>\n<td>F\u00fcnf Stichpunkte, die ich mit Kempen verbinde:<\/td>\n<td width=\"245\">gut funktionierende lokale Wirtschaft, ein hervorragendes Kulturprogramm, eine tolle Altstadt, sch\u00f6ne und gepflegte Wohngebiete, ein ausgezeichnetes Krankenhaus<\/td>\n<\/tr>\n<\/tbody>\n<\/table>\n","protected":false},"excerpt":{"rendered":"<p>[vc_section][vc_row][vc_column][vc_single_image image=&#8220;9011&#8243; img_size=&#8220;400&#215;400&#8243; alignment=&#8220;center&#8220;][vc_custom_heading text=&#8220;Fraktionsgesch\u00e4ftsf\u00fchrerin Wahlbezirk 3050 Kempen-Mitte Kreistagsmitglied &#8220; font_container=&#8220;tag:h4|font_size:18px|text_align:center|color:%23666666&#8243; google_fonts=&#8220;font_family:Open%20Sans%3A300%2C300italic%2Cregular%2Citalic%2C600%2C600italic%2C700%2C700italic%2C800%2C800italic|font_style:400%20regular%3A400%3Anormal&#8220;][vc_column_text] Geburtsjahr: 1963 Beruf: Bankkauffau zwei erwachsene T\u00f6chter Telefon: 02152 555 66 55 E-Mail (CDU-Adresse): Adresse: Josephine-Foerster-Stra\u00dfe 7 Facebook: ja Hobbies\/Engagement\/Vereine: Walken, Wandern, Fahrradfahren, Kultur, Vorsitzende FU Kempen, Vorsitzende F\u00f6rdergemeinschaft Kreismusikschule Mein Lieblingsplatz in Kempen: mein Garten In der Kommunalpolitik t\u00e4tig seit: 2000 Aussch\u00fcsse: [&hellip;]<\/p>\n","protected":false},"author":5,"featured_media":7808,"parent":8848,"menu_order":0,"comment_status":"closed","ping_status":"closed","template":"","meta":{"_et_pb_use_builder":"","_et_pb_old_content":"","_et_gb_content_width":"","footnotes":""},"class_list":["post-8914","page","type-page","status-publish","has-post-thumbnail","hentry"],"_links":{"self":[{"href":"https:\/\/cdu-kempen.de\/index.php\/wp-json\/wp\/v2\/pages\/8914"}],"collection":[{"href":"https:\/\/cdu-kempen.de\/index.php\/wp-json\/wp\/v2\/pages"}],"about":[{"href":"https:\/\/cdu-kempen.de\/index.php\/wp-json\/wp\/v2\/types\/page"}],"author":[{"embeddable":true,"href":"https:\/\/cdu-kempen.de\/index.php\/wp-json\/wp\/v2\/users\/5"}],"replies":[{"embeddable":true,"href":"https:\/\/cdu-kempen.de\/index.php\/wp-json\/wp\/v2\/comments?post=8914"}],"version-history":[{"count":7,"href":"https:\/\/cdu-kempen.de\/index.php\/wp-json\/wp\/v2\/pages\/8914\/revisions"}],"predecessor-version":[{"id":9220,"href":"https:\/\/cdu-kempen.de\/index.php\/wp-json\/wp\/v2\/pages\/8914\/revisions\/9220"}],"up":[{"embeddable":true,"href":"https:\/\/cdu-kempen.de\/index.php\/wp-json\/wp\/v2\/pages\/8848"}],"wp:featuredmedia":[{"embeddable":true,"href":"https:\/\/cdu-kempen.de\/index.php\/wp-json\/wp\/v2\/media\/7808"}],"wp:attachment":[{"href":"https:\/\/cdu-kempen.de\/index.php\/wp-json\/wp\/v2\/media?parent=8914"}],"curies":[{"name":"wp","href":"https:\/\/api.w.org\/{rel}","templated":true}]}}

Heike Höltken

<p>[vc_section][vc_row][vc_column][vc_single_image image=&#8220;9011&#8243; img_size=&#8220;400&#215;400&#8243; alignment=&#8220;center&#8220;][vc_custom_heading text=&#8220;Fraktionsgeschäftsführerin<br />
Wahlbezirk 3050<br />
Kempen-Mitte<br />
Kreistagsmitglied<br />
&#8220; font_container=&#8220;tag:h4|font_size:18px|text_align:center|color:%23666666&#8243; google_fonts=&#8220;font_family:Open%20Sans%3A300%2C300italic%2Cregular%2Citalic%2C600%2C600italic%2C700%2C700italic%2C800%2C800italic|font_style:400%20regular%3A400%3Anormal&#8220;][vc_column_text]</p>
<table style="height: 999px;" width="650">
<tbody>
<tr>
<td width="308">Geburtsjahr:</td>
<td width="245">1963</td>
</tr>
<tr>
<td>Beruf:</td>
<td width="245">Bankkauffau</td>
</tr>
<tr>
<td></td>
<td width="245">zwei erwachsene Töchter</td>
</tr>
<tr>
<td>Telefon:</td>
<td width="245">02152 555 66 55</td>
</tr>
<tr>
<td>E-Mail (CDU-Adresse):</td>
<td width="245"><span data-email-protect="jqgnvmgpBefw/mgorgp0fg"></span></td>
</tr>
<tr>
<td>Adresse:</td>
<td width="245">Josephine-Foerster-Straße 7</td>
</tr>
<tr>
<td>Facebook:</td>
<td width="245">ja</td>
</tr>
<tr>
<td></td>
<td width="245"></td>
</tr>
<tr>
<td>Hobbies/Engagement/Vereine:</td>
<td width="245">Walken, Wandern, Fahrradfahren, Kultur, Vorsitzende FU Kempen, Vorsitzende Fördergemeinschaft Kreismusikschule</td>
</tr>
<tr>
<td>Mein Lieblingsplatz in Kempen:</td>
<td width="245">mein Garten</td>
</tr>
<tr>
<td>In der Kommunalpolitik tätig seit:</td>
<td width="245">2000</td>
</tr>
<tr>
<td>Ausschüsse:</td>
<td width="245">Kultur, Soziales / Senioren, Sportausschuss</td>
</tr>
<tr>
<td>Kommunalpolitische Schwerpunktthemen:</td>
<td width="245">Kultur, Seniorenarbeit, Sportentwicklung</td>
</tr>
<tr>
<td>Ich engagiere mich für Kempen, weil:</td>
<td width="245">unsere Demokratie in der Kommunalpolitik nur funktioniert, wenn sich Menschen finden, die bereit sind mitzuwirken und Verantwortung zu übernehmen. Ich möchte mich dafür einsetzen, dass die gute Lebensqualität in Kempen erhalten bleibt.</td>
</tr>
<tr>
<td>Philipp Kraft ist mein Bürgermeister, weil:</td>
<td width="245">er Fach- und Sachkompetenz hat</td>
</tr>
<tr>
<td>Fünf Stichpunkte, die ich mit Kempen verbinde:</td>
<td width="245">gut funktionierende lokale Wirtschaft, ein hervorragendes Kulturprogramm, eine tolle Altstadt, schöne und gepflegte Wohngebiete, ein ausgezeichnetes Krankenhaus</td>
</tr>
</tbody>
</table>

<p>[vc_section][vc_row][vc_column][vc_single_image image=&#8220;9011&#8243; img_size=&#8220;400&#215;400&#8243; alignment=&#8220;center&#8220;][vc_custom_heading text=&#8220;Fraktionsgeschäftsführerin Wahlbezirk 3050 Kempen-Mitte Kreistagsmitglied &#8220; font_container=&#8220;tag:h4|font_size:18px|text_align:center|color:%23666666&#8243; google_fonts=&#8220;font_family:Open%20Sans%3A300%2C300italic%2Cregular%2Citalic%2C600%2C600italic%2C700%2C700italic%2C800%2C800italic|font_style:400%20regular%3A400%3Anormal&#8220;][vc_column_text] Geburtsjahr: 1963 Beruf: Bankkauffau zwei erwachsene Töchter Telefon: 02152 555 66 55 E-Mail (CDU-Adresse): Adresse: Josephine-Foerster-Straße 7 Facebook: ja Hobbies/Engagement/Vereine: Walken, Wandern, Fahrradfahren, Kultur, Vorsitzende FU Kempen, Vorsitzende Fördergemeinschaft Kreismusikschule Mein Lieblingsplatz in Kempen: mein Garten In der Kommunalpolitik tätig seit: 2000 Ausschüsse: [&hellip;]</p>
