{"id":8928,"date":"2020-07-05T18:20:51","date_gmt":"2020-07-05T18:20:51","guid":{"rendered":"https:\/\/cdu-kempen.de\/?page_id=8928"},"modified":"2021-01-02T15:33:35","modified_gmt":"2021-01-02T15:33:35","slug":"maximilian-thelen","status":"publish","type":"page","link":"https:\/\/cdu-kempen.de\/index.php\/wahl-2020\/maximilian-thelen\/","title":{"rendered":"Maximilian Thelen"},"content":{"rendered":"<p>[vc_section][vc_row][vc_column][vc_single_image image=&#8220;9000&#8243; img_size=&#8220;full&#8220; alignment=&#8220;center&#8220;][vc_custom_heading text=&#8220;Wahlbezirk 3200<br \/>\nKempen-T\u00f6nisberg&#8220; font_container=&#8220;tag:h4|font_size:18px|text_align:center|color:%23666666&#8243; google_fonts=&#8220;font_family:Open%20Sans%3A300%2C300italic%2Cregular%2Citalic%2C600%2C600italic%2C700%2C700italic%2C800%2C800italic|font_style:400%20regular%3A400%3Anormal&#8220;][vc_column_text]<\/p>\n<table style=\"height: 1011px;\" width=\"654\">\n<tbody>\n<tr>\n<td width=\"310\">Geburtsjahr:<\/td>\n<td width=\"249\">1995<\/td>\n<\/tr>\n<tr>\n<td>Beruf:<\/td>\n<td width=\"249\">Bauingenieur<\/td>\n<\/tr>\n<tr>\n<td>Familienstand\/Kinder:<\/td>\n<td width=\"249\">ledig<\/td>\n<\/tr>\n<tr>\n<td>Telefon:<\/td>\n<td width=\"249\">0172 26 24 320<\/td>\n<\/tr>\n<tr>\n<td>E-Mail (CDU-Adresse):<\/td>\n<td width=\"249\"><span data-email-protect=\"vjgngpBefw\/mgorgp0fg\"><\/span><\/td>\n<\/tr>\n<tr>\n<td>Adresse:<\/td>\n<td width=\"249\">Bergstra\u00dfe 30<br \/>\n47906 Kempen-T\u00f6nisberg<\/td>\n<\/tr>\n<tr>\n<td>Facebook:<\/td>\n<td width=\"249\">ja<\/td>\n<\/tr>\n<tr>\n<td>Instagram:<\/td>\n<td width=\"249\">ja<\/td>\n<\/tr>\n<tr>\n<td>Hobbies\/Engagement\/Vereine:<\/td>\n<td width=\"249\">Freiwillige Feuerwehr<br \/>\nSt. Antonius Isidorus Bruderschaft<br \/>\nT\u00f6nisberger Bretterb\u00fchne<br \/>\nKirchengemeinde T\u00f6nisberg<br \/>\nPolitik, Freunde treffen, ausgehen<\/td>\n<\/tr>\n<tr>\n<td>Mein Lieblingsplatz in Kempen:<\/td>\n<td width=\"249\">An der M\u00fchle in T\u00f6nisberg<\/td>\n<\/tr>\n<tr>\n<td>In der Kommunalpolitik t\u00e4tig seit:<\/td>\n<td width=\"249\">2012<\/td>\n<\/tr>\n<tr>\n<td>Aussch\u00fcsse:<\/td>\n<td width=\"249\">Ausschuss f\u00fcr Ordnungsangelegenheiten und Feuerschutz<br \/>\nSportausschuss<\/td>\n<\/tr>\n<tr>\n<td>Kommunalpolitische Schwerpunktthemen:<\/td>\n<td width=\"249\">Feuerwehr und Rettungsdienst<br \/>\nOrdnung<br \/>\nSport<\/td>\n<\/tr>\n<tr>\n<td>Ich engagiere mich f\u00fcr Kempen, weil:<\/td>\n<td width=\"249\">Ich mich als junger Mensch f\u00fcr meine Heimatstadt und die Belange der B\u00fcrgerinnen und B\u00fcrger einsetzen m\u00f6chte.<\/td>\n<\/tr>\n<tr>\n<td>Philipp Kraft ist mein B\u00fcrgermeister, weil:<\/td>\n<td width=\"249\">er die Verbindung notwendiger Kompetenz und einer sympathischen und zuverl\u00e4ssigen Pers\u00f6nlichkeit verbindet.<\/td>\n<\/tr>\n<tr>\n<td>F\u00fcnf Stichpunkte, die ich mit Kempen verbinde:<\/td>\n<td width=\"249\">-B\u00fcrgerschaftliches Engagement<br \/>\n-Pr\u00e4gendes Vereinsleben<br \/>\n-Naherholung<br \/>\n-Historische und dennoch pulsierende Altstadt<br \/>\n-starke Ortsteile<\/td>\n<\/tr>\n<\/tbody>\n<\/table>\n","protected":false},"excerpt":{"rendered":"<p>[vc_section][vc_row][vc_column][vc_single_image image=&#8220;9000&#8243; img_size=&#8220;full&#8220; alignment=&#8220;center&#8220;][vc_custom_heading text=&#8220;Wahlbezirk 3200 Kempen-T\u00f6nisberg&#8220; font_container=&#8220;tag:h4|font_size:18px|text_align:center|color:%23666666&#8243; google_fonts=&#8220;font_family:Open%20Sans%3A300%2C300italic%2Cregular%2Citalic%2C600%2C600italic%2C700%2C700italic%2C800%2C800italic|font_style:400%20regular%3A400%3Anormal&#8220;][vc_column_text] Geburtsjahr: 1995 Beruf: Bauingenieur Familienstand\/Kinder: ledig Telefon: 0172 26 24 320 E-Mail (CDU-Adresse): Adresse: Bergstra\u00dfe 30 47906 Kempen-T\u00f6nisberg Facebook: ja Instagram: ja Hobbies\/Engagement\/Vereine: Freiwillige Feuerwehr St. Antonius Isidorus Bruderschaft T\u00f6nisberger Bretterb\u00fchne Kirchengemeinde T\u00f6nisberg Politik, Freunde treffen, ausgehen Mein Lieblingsplatz in Kempen: An der M\u00fchle in T\u00f6nisberg [&hellip;]<\/p>\n","protected":false},"author":5,"featured_media":0,"parent":8848,"menu_order":0,"comment_status":"closed","ping_status":"closed","template":"","meta":{"_et_pb_use_builder":"","_et_pb_old_content":"","_et_gb_content_width":"","footnotes":""},"class_list":["post-8928","page","type-page","status-publish","hentry"],"_links":{"self":[{"href":"https:\/\/cdu-kempen.de\/index.php\/wp-json\/wp\/v2\/pages\/8928"}],"collection":[{"href":"https:\/\/cdu-kempen.de\/index.php\/wp-json\/wp\/v2\/pages"}],"about":[{"href":"https:\/\/cdu-kempen.de\/index.php\/wp-json\/wp\/v2\/types\/page"}],"author":[{"embeddable":true,"href":"https:\/\/cdu-kempen.de\/index.php\/wp-json\/wp\/v2\/users\/5"}],"replies":[{"embeddable":true,"href":"https:\/\/cdu-kempen.de\/index.php\/wp-json\/wp\/v2\/comments?post=8928"}],"version-history":[{"count":4,"href":"https:\/\/cdu-kempen.de\/index.php\/wp-json\/wp\/v2\/pages\/8928\/revisions"}],"predecessor-version":[{"id":9663,"href":"https:\/\/cdu-kempen.de\/index.php\/wp-json\/wp\/v2\/pages\/8928\/revisions\/9663"}],"up":[{"embeddable":true,"href":"https:\/\/cdu-kempen.de\/index.php\/wp-json\/wp\/v2\/pages\/8848"}],"wp:attachment":[{"href":"https:\/\/cdu-kempen.de\/index.php\/wp-json\/wp\/v2\/media?parent=8928"}],"curies":[{"name":"wp","href":"https:\/\/api.w.org\/{rel}","templated":true}]}}

<p>[vc_section][vc_row][vc_column][vc_single_image image=&#8220;9000&#8243; img_size=&#8220;full&#8220; alignment=&#8220;center&#8220;][vc_custom_heading text=&#8220;Wahlbezirk 3200<br />
Kempen-Tönisberg&#8220; font_container=&#8220;tag:h4|font_size:18px|text_align:center|color:%23666666&#8243; google_fonts=&#8220;font_family:Open%20Sans%3A300%2C300italic%2Cregular%2Citalic%2C600%2C600italic%2C700%2C700italic%2C800%2C800italic|font_style:400%20regular%3A400%3Anormal&#8220;][vc_column_text]</p>
<table style="height: 1011px;" width="654">
<tbody>
<tr>
<td width="310">Geburtsjahr:</td>
<td width="249">1995</td>
</tr>
<tr>
<td>Beruf:</td>
<td width="249">Bauingenieur</td>
</tr>
<tr>
<td>Familienstand/Kinder:</td>
<td width="249">ledig</td>
</tr>
<tr>
<td>Telefon:</td>
<td width="249">0172 26 24 320</td>
</tr>
<tr>
<td>E-Mail (CDU-Adresse):</td>
<td width="249"><span data-email-protect="vjgngpBefw/mgorgp0fg"></span></td>
</tr>
<tr>
<td>Adresse:</td>
<td width="249">Bergstraße 30<br />
47906 Kempen-Tönisberg</td>
</tr>
<tr>
<td>Facebook:</td>
<td width="249">ja</td>
</tr>
<tr>
<td>Instagram:</td>
<td width="249">ja</td>
</tr>
<tr>
<td>Hobbies/Engagement/Vereine:</td>
<td width="249">Freiwillige Feuerwehr<br />
St. Antonius Isidorus Bruderschaft<br />
Tönisberger Bretterbühne<br />
Kirchengemeinde Tönisberg<br />
Politik, Freunde treffen, ausgehen</td>
</tr>
<tr>
<td>Mein Lieblingsplatz in Kempen:</td>
<td width="249">An der Mühle in Tönisberg</td>
</tr>
<tr>
<td>In der Kommunalpolitik tätig seit:</td>
<td width="249">2012</td>
</tr>
<tr>
<td>Ausschüsse:</td>
<td width="249">Ausschuss für Ordnungsangelegenheiten und Feuerschutz<br />
Sportausschuss</td>
</tr>
<tr>
<td>Kommunalpolitische Schwerpunktthemen:</td>
<td width="249">Feuerwehr und Rettungsdienst<br />
Ordnung<br />
Sport</td>
</tr>
<tr>
<td>Ich engagiere mich für Kempen, weil:</td>
<td width="249">Ich mich als junger Mensch für meine Heimatstadt und die Belange der Bürgerinnen und Bürger einsetzen möchte.</td>
</tr>
<tr>
<td>Philipp Kraft ist mein Bürgermeister, weil:</td>
<td width="249">er die Verbindung notwendiger Kompetenz und einer sympathischen und zuverlässigen Persönlichkeit verbindet.</td>
</tr>
<tr>
<td>Fünf Stichpunkte, die ich mit Kempen verbinde:</td>
<td width="249">-Bürgerschaftliches Engagement<br />
-Prägendes Vereinsleben<br />
-Naherholung<br />
-Historische und dennoch pulsierende Altstadt<br />
-starke Ortsteile</td>
</tr>
</tbody>
</table>

<p>[vc_section][vc_row][vc_column][vc_single_image image=&#8220;9000&#8243; img_size=&#8220;full&#8220; alignment=&#8220;center&#8220;][vc_custom_heading text=&#8220;Wahlbezirk 3200 Kempen-Tönisberg&#8220; font_container=&#8220;tag:h4|font_size:18px|text_align:center|color:%23666666&#8243; google_fonts=&#8220;font_family:Open%20Sans%3A300%2C300italic%2Cregular%2Citalic%2C600%2C600italic%2C700%2C700italic%2C800%2C800italic|font_style:400%20regular%3A400%3Anormal&#8220;][vc_column_text] Geburtsjahr: 1995 Beruf: Bauingenieur Familienstand/Kinder: ledig Telefon: 0172 26 24 320 E-Mail (CDU-Adresse): Adresse: Bergstraße 30 47906 Kempen-Tönisberg Facebook: ja Instagram: ja Hobbies/Engagement/Vereine: Freiwillige Feuerwehr St. Antonius Isidorus Bruderschaft Tönisberger Bretterbühne Kirchengemeinde Tönisberg Politik, Freunde treffen, ausgehen Mein Lieblingsplatz in Kempen: An der Mühle in Tönisberg [&hellip;]</p>
