{"id":9162,"date":"2020-07-19T20:34:39","date_gmt":"2020-07-19T20:34:39","guid":{"rendered":"https:\/\/cdu-kempen.de\/?page_id=9162"},"modified":"2024-01-03T11:05:44","modified_gmt":"2024-01-03T11:05:44","slug":"heike-hoeltken","status":"publish","type":"page","link":"https:\/\/cdu-kempen.de\/index.php\/wahl-2020\/kreistagskandidaten-kempen-2020\/heike-hoeltken\/","title":{"rendered":"Heike H\u00f6ltken"},"content":{"rendered":"<p>Mitglied des Kreistags<br \/>\nKreistagswahlbezirk 6<br \/>\nKempen<br \/>\n1. stv. Landr\u00e4tin<\/p>\n<table style=\"height: 999px;\" width=\"650\">\n<tbody>\n<tr>\n<td width=\"308\">Geburtsjahr:<\/td>\n<td width=\"245\">1963<\/td>\n<\/tr>\n<tr>\n<td>Beruf:<\/td>\n<td width=\"245\">Bankkauffrau<\/td>\n<\/tr>\n<tr>\n<td><\/td>\n<td width=\"245\">zwei erwachsene T\u00f6chter<\/td>\n<\/tr>\n<tr>\n<td>Telefon:<\/td>\n<td width=\"245\">0170 2940164<\/td>\n<\/tr>\n<tr>\n<td>E-Mail (CDU-Adresse):<\/td>\n<td width=\"245\"><span data-email-protect=\"jqgnvmgpBefw\/mgorgp0fg\"><\/span><\/td>\n<\/tr>\n<tr>\n<td>Adresse:<\/td>\n<td width=\"245\">Josephine-Foerster-Stra\u00dfe 7<\/td>\n<\/tr>\n<tr>\n<td>Facebook:<\/td>\n<td width=\"245\">ja<\/td>\n<\/tr>\n<tr>\n<td>Hobbies\/Engagement\/Vereine:<\/td>\n<td width=\"245\">Walken, Wandern, Fahrradfahren, Kultur, Vorsitzende FU Kempen<\/p>\n<p>Vorsitzende F\u00f6rdergemeinschaft Kreismusikschule Viersen<\/td>\n<\/tr>\n<tr>\n<td>Mein Lieblingsplatz in Kempen:<\/td>\n<td width=\"245\">mein Garten<\/td>\n<\/tr>\n<tr>\n<td>In der Kommunalpolitik t\u00e4tig seit:<\/td>\n<td width=\"245\">2000<\/td>\n<\/tr>\n<tr>\n<td>Aussch\u00fcsse:<\/td>\n<td width=\"245\">Kreistag<br \/>\nKreisausschuss<br \/>\nAusschuss f\u00fcr Soziales und Seniorenarbeit\u00a0\u00a0\u00a0\u00a0\u00a0\u00a0\u00a0\u00a0\u00a0\u00a0\u00a0\u00a0\u00a0\u00a0\u00a0\u00a0\u00a0\u00a0\u00a0\u00a0\u00a0\u00a0\u00a0\u00a0\u00a0\u00a0\u00a0\u00a0\u00a0\u00a0\u00a0\u00a0\u00a0\u00a0\u00a0\u00a0\u00a0\u00a0\u00a0\u00a0 Gesundheitsausschuss<br \/>\nKulturausschuss\u00a0 \u00a0 \u00a0 \u00a0 \u00a0 \u00a0 \u00a0 \u00a0 \u00a0 \u00a0 \u00a0 \u00a0 \u00a0 \u00a0 \u00a0 \u00a0 \u00a0 \u00a0 \u00a0 \u00a0 \u00a0 \u00a0 \u00a0 \u00a0 \u00a0Verbandsversammlung des Sparkassenzweckverbandes Stadt Krefeld\/Kreis Viersen<\/td>\n<\/tr>\n<tr>\n<td>Kommunalpolitische Schwerpunktthemen:<\/td>\n<td width=\"245\">Sozialpolitik und Kultur<\/td>\n<\/tr>\n<\/tbody>\n<\/table>\n","protected":false},"excerpt":{"rendered":"<p>Mitglied des Kreistags Kreistagswahlbezirk 6 Kempen 1. stv. Landr\u00e4tin Geburtsjahr: 1963 Beruf: Bankkauffrau zwei erwachsene T\u00f6chter Telefon: 0170 2940164 E-Mail (CDU-Adresse): Adresse: Josephine-Foerster-Stra\u00dfe 7 Facebook: ja Hobbies\/Engagement\/Vereine: Walken, Wandern, Fahrradfahren, Kultur, Vorsitzende FU Kempen Vorsitzende F\u00f6rdergemeinschaft Kreismusikschule Viersen Mein Lieblingsplatz in Kempen: mein Garten In der Kommunalpolitik t\u00e4tig seit: 2000 Aussch\u00fcsse: Kreistag Kreisausschuss Ausschuss f\u00fcr [&hellip;]<\/p>\n","protected":false},"author":5,"featured_media":7808,"parent":9157,"menu_order":0,"comment_status":"closed","ping_status":"closed","template":"","meta":{"_et_pb_use_builder":"","_et_pb_old_content":"","_et_gb_content_width":"","footnotes":""},"class_list":["post-9162","page","type-page","status-publish","has-post-thumbnail","hentry"],"_links":{"self":[{"href":"https:\/\/cdu-kempen.de\/index.php\/wp-json\/wp\/v2\/pages\/9162"}],"collection":[{"href":"https:\/\/cdu-kempen.de\/index.php\/wp-json\/wp\/v2\/pages"}],"about":[{"href":"https:\/\/cdu-kempen.de\/index.php\/wp-json\/wp\/v2\/types\/page"}],"author":[{"embeddable":true,"href":"https:\/\/cdu-kempen.de\/index.php\/wp-json\/wp\/v2\/users\/5"}],"replies":[{"embeddable":true,"href":"https:\/\/cdu-kempen.de\/index.php\/wp-json\/wp\/v2\/comments?post=9162"}],"version-history":[{"count":23,"href":"https:\/\/cdu-kempen.de\/index.php\/wp-json\/wp\/v2\/pages\/9162\/revisions"}],"predecessor-version":[{"id":11336,"href":"https:\/\/cdu-kempen.de\/index.php\/wp-json\/wp\/v2\/pages\/9162\/revisions\/11336"}],"up":[{"embeddable":true,"href":"https:\/\/cdu-kempen.de\/index.php\/wp-json\/wp\/v2\/pages\/9157"}],"wp:featuredmedia":[{"embeddable":true,"href":"https:\/\/cdu-kempen.de\/index.php\/wp-json\/wp\/v2\/media\/7808"}],"wp:attachment":[{"href":"https:\/\/cdu-kempen.de\/index.php\/wp-json\/wp\/v2\/media?parent=9162"}],"curies":[{"name":"wp","href":"https:\/\/api.w.org\/{rel}","templated":true}]}}

Heike Höltken

<p>Mitglied des Kreistags<br />
Kreistagswahlbezirk 6<br />
Kempen<br />
1. stv. Landrätin</p>
<table style="height: 999px;" width="650">
<tbody>
<tr>
<td width="308">Geburtsjahr:</td>
<td width="245">1963</td>
</tr>
<tr>
<td>Beruf:</td>
<td width="245">Bankkauffrau</td>
</tr>
<tr>
<td></td>
<td width="245">zwei erwachsene Töchter</td>
</tr>
<tr>
<td>Telefon:</td>
<td width="245">0170 2940164</td>
</tr>
<tr>
<td>E-Mail (CDU-Adresse):</td>
<td width="245"><span data-email-protect="jqgnvmgpBefw/mgorgp0fg"></span></td>
</tr>
<tr>
<td>Adresse:</td>
<td width="245">Josephine-Foerster-Straße 7</td>
</tr>
<tr>
<td>Facebook:</td>
<td width="245">ja</td>
</tr>
<tr>
<td>Hobbies/Engagement/Vereine:</td>
<td width="245">Walken, Wandern, Fahrradfahren, Kultur, Vorsitzende FU Kempen</p>
<p>Vorsitzende Fördergemeinschaft Kreismusikschule Viersen</td>
</tr>
<tr>
<td>Mein Lieblingsplatz in Kempen:</td>
<td width="245">mein Garten</td>
</tr>
<tr>
<td>In der Kommunalpolitik tätig seit:</td>
<td width="245">2000</td>
</tr>
<tr>
<td>Ausschüsse:</td>
<td width="245">Kreistag<br />
Kreisausschuss<br />
Ausschuss für Soziales und Seniorenarbeit                                         Gesundheitsausschuss<br />
Kulturausschuss                                                 Verbandsversammlung des Sparkassenzweckverbandes Stadt Krefeld/Kreis Viersen</td>
</tr>
<tr>
<td>Kommunalpolitische Schwerpunktthemen:</td>
<td width="245">Sozialpolitik und Kultur</td>
</tr>
</tbody>
</table>

<p>Mitglied des Kreistags Kreistagswahlbezirk 6 Kempen 1. stv. Landrätin Geburtsjahr: 1963 Beruf: Bankkauffrau zwei erwachsene Töchter Telefon: 0170 2940164 E-Mail (CDU-Adresse): Adresse: Josephine-Foerster-Straße 7 Facebook: ja Hobbies/Engagement/Vereine: Walken, Wandern, Fahrradfahren, Kultur, Vorsitzende FU Kempen Vorsitzende Fördergemeinschaft Kreismusikschule Viersen Mein Lieblingsplatz in Kempen: mein Garten In der Kommunalpolitik tätig seit: 2000 Ausschüsse: Kreistag Kreisausschuss Ausschuss für [&hellip;]</p>
